Last updated on 2024-05-09 15:49:35 CEST.
Flavor | Version | Tinstall | Tcheck | Ttotal | Status | Flags |
---|---|---|---|---|---|---|
r-devel-linux-x86_64-debian-clang | 4.1.0 | 15.10 | 98.28 | 113.38 | NOTE | |
r-devel-linux-x86_64-debian-gcc | 4.1.0 | 12.14 | 71.61 | 83.75 | NOTE | |
r-devel-linux-x86_64-fedora-clang | 4.1.0 | 144.33 | NOTE | |||
r-devel-linux-x86_64-fedora-gcc | 4.1.0 | 181.53 | NOTE | |||
r-devel-windows-x86_64 | 4.1.0 | 16.00 | 99.00 | 115.00 | NOTE | |
r-patched-linux-x86_64 | 4.1.0 | 15.30 | 90.67 | 105.97 | NOTE | |
r-release-linux-x86_64 | 4.1.0 | 9.15 | 95.39 | 104.54 | NOTE | |
r-release-macos-arm64 | 4.1.0 | 39.00 | NOTE | |||
r-release-windows-x86_64 | 4.1.0 | 14.00 | 100.00 | 114.00 | NOTE | |
r-oldrel-macos-arm64 | 4.1.0 | 41.00 | OK | |||
r-oldrel-macos-x86_64 | 4.1.0 | 67.00 | OK | |||
r-oldrel-windows-x86_64 | 4.1.0 | 18.00 | 113.00 | 131.00 | OK |
Version: 4.1.0
Check: Rd files
Result: NOTE
checkRd: (-1) pop.dist.Rd:41: Lost braces; missing escapes or markup?
41 | where \emph{dist(i,j)} represents the distance between populations \emph{i} and \emph{j}, \emph{m} and \emph{n} are the number of sequences in populations \emph{i} and \emph{j}, respectively, and \emph{dist(H_{ki},H_{lj})} is the distance between the \emph{k-th} sequence found in population \emph{i} and the \emph{l-th} sequence found in population \emph{j}.
| ^
checkRd: (-1) pop.dist.Rd:41: Lost braces; missing escapes or markup?
41 | where \emph{dist(i,j)} represents the distance between populations \emph{i} and \emph{j}, \emph{m} and \emph{n} are the number of sequences in populations \emph{i} and \emph{j}, respectively, and \emph{dist(H_{ki},H_{lj})} is the distance between the \emph{k-th} sequence found in population \emph{i} and the \emph{l-th} sequence found in population \emph{j}.
| ^
Flavors: r-devel-linux-x86_64-debian-clang, r-devel-linux-x86_64-debian-gcc, r-devel-linux-x86_64-fedora-clang, r-devel-linux-x86_64-fedora-gcc, r-devel-windows-x86_64, r-patched-linux-x86_64, r-release-linux-x86_64, r-release-macos-arm64, r-release-windows-x86_64