Last updated on 2024-05-11 15:49:20 CEST.
Flavor | Version | Tinstall | Tcheck | Ttotal | Status | Flags |
---|---|---|---|---|---|---|
r-devel-linux-x86_64-debian-clang | 1.1 | 16.29 | 133.01 | 149.30 | OK | |
r-devel-linux-x86_64-debian-gcc | 1.1 | 12.88 | 97.43 | 110.31 | OK | |
r-devel-linux-x86_64-fedora-clang | 1.1 | 182.61 | NOTE | |||
r-devel-linux-x86_64-fedora-gcc | 1.1 | 251.40 | NOTE | |||
r-devel-windows-x86_64 | 1.1 | 14.00 | 107.00 | 121.00 | NOTE | |
r-patched-linux-x86_64 | 1.1 | 14.89 | 126.77 | 141.66 | OK | |
r-release-linux-x86_64 | 1.1 | 13.20 | 122.42 | 135.62 | OK | |
r-release-macos-arm64 | 1.1 | 46.00 | NOTE | |||
r-release-windows-x86_64 | 1.1 | 14.00 | 106.00 | 120.00 | NOTE | |
r-oldrel-macos-arm64 | 1.1 | 59.00 | NOTE | |||
r-oldrel-macos-x86_64 | 1.1 | 92.00 | NOTE | |||
r-oldrel-windows-x86_64 | 1.1 | 18.00 | 124.00 | 142.00 | NOTE |
Version: 1.1
Check: installed package size
Result: NOTE
installed size is 5.7Mb
sub-directories of 1Mb or more:
data 4.1Mb
help 1.6Mb
Flavors: r-devel-linux-x86_64-fedora-clang, r-devel-windows-x86_64, r-release-macos-arm64, r-release-windows-x86_64, r-oldrel-macos-arm64, r-oldrel-macos-x86_64, r-oldrel-windows-x86_64
Version: 1.1
Check: data for non-ASCII characters
Result: NOTE
Note: found 34 marked UTF-8 strings
Flavors: r-devel-linux-x86_64-fedora-clang, r-devel-linux-x86_64-fedora-gcc