Last updated on 2024-05-13 03:49:49 CEST.
Flavor | Version | Tinstall | Tcheck | Ttotal | Status | Flags |
---|---|---|---|---|---|---|
r-devel-linux-x86_64-debian-clang | 0.0.4 | 9.22 | 69.19 | 78.41 | NOTE | |
r-devel-linux-x86_64-debian-gcc | 0.0.4 | 6.43 | 51.03 | 57.46 | NOTE | |
r-devel-linux-x86_64-fedora-clang | 0.0.4 | 100.95 | NOTE | |||
r-devel-linux-x86_64-fedora-gcc | 0.0.4 | 213.21 | NOTE | |||
r-devel-windows-x86_64 | 0.0.4 | 8.00 | 67.00 | 75.00 | NOTE | |
r-patched-linux-x86_64 | 0.0.4 | 5.12 | 63.17 | 68.29 | NOTE | |
r-release-linux-x86_64 | 0.0.4 | 4.78 | 64.01 | 68.79 | NOTE | |
r-release-macos-arm64 | 0.0.4 | 29.00 | NOTE | |||
r-release-windows-x86_64 | 0.0.4 | 10.00 | 68.00 | 78.00 | NOTE | |
r-oldrel-macos-arm64 | 0.0.4 | 29.00 | OK | |||
r-oldrel-macos-x86_64 | 0.0.4 | 55.00 | OK | |||
r-oldrel-windows-x86_64 | 0.0.4 | 10.00 | 77.00 | 87.00 | OK |
Version: 0.0.4
Check: Rd files
Result: NOTE
checkRd: (-1) sdf_unnest.Rd:20: Lost braces
20 | \code{a1, a2, a3}, then code{sdf_explode(df, a)} will produce output with each record replicated
| ^
Flavors: r-devel-linux-x86_64-debian-clang, r-devel-linux-x86_64-debian-gcc, r-devel-linux-x86_64-fedora-clang, r-devel-linux-x86_64-fedora-gcc, r-devel-windows-x86_64, r-patched-linux-x86_64, r-release-linux-x86_64, r-release-macos-arm64, r-release-windows-x86_64