Last updated on 2024-05-11 03:52:10 CEST.
Flavor | Version | Tinstall | Tcheck | Ttotal | Status | Flags |
---|---|---|---|---|---|---|
r-devel-linux-x86_64-debian-clang | 0.7.1 | 64.41 | 401.01 | 465.42 | OK | |
r-devel-linux-x86_64-debian-gcc | 0.7.1 | 47.99 | 276.17 | 324.16 | OK | |
r-devel-linux-x86_64-fedora-clang | 0.7.1 | 564.37 | NOTE | |||
r-devel-linux-x86_64-fedora-gcc | 0.7.1 | 706.20 | NOTE | |||
r-devel-windows-x86_64 | 0.7.1 | 50.00 | 257.00 | 307.00 | NOTE | |
r-patched-linux-x86_64 | 0.7.1 | 47.86 | 364.71 | 412.57 | OK | |
r-release-linux-x86_64 | 0.7.1 | 43.28 | 373.13 | 416.41 | OK | |
r-release-macos-arm64 | 0.7.1 | 149.00 | NOTE | |||
r-release-macos-x86_64 | 0.7.1 | 267.00 | NOTE | |||
r-release-windows-x86_64 | 0.7.1 | 47.00 | 254.00 | 301.00 | NOTE | |
r-oldrel-macos-arm64 | 0.7.1 | 129.00 | NOTE | |||
r-oldrel-macos-x86_64 | 0.7.1 | 281.00 | NOTE | |||
r-oldrel-windows-x86_64 | 0.7.1 | 67.00 | 336.00 | 403.00 | NOTE |
Version: 0.7.1
Check: data for non-ASCII characters
Result: NOTE
Note: found 283 marked UTF-8 strings
Flavors: r-devel-linux-x86_64-fedora-clang, r-devel-linux-x86_64-fedora-gcc
Version: 0.7.1
Check: installed package size
Result: NOTE
installed size is 5.3Mb
sub-directories of 1Mb or more:
data 2.5Mb
help 1.7Mb
Flavors: r-devel-windows-x86_64, r-release-macos-arm64, r-release-macos-x86_64, r-release-windows-x86_64, r-oldrel-macos-arm64, r-oldrel-macos-x86_64, r-oldrel-windows-x86_64