Last updated on 2024-05-09 15:49:36 CEST.
Flavor | Version | Tinstall | Tcheck | Ttotal | Status | Flags |
---|---|---|---|---|---|---|
r-devel-linux-x86_64-debian-clang | 1.3-3 | 29.46 | 282.81 | 312.27 | OK | |
r-devel-linux-x86_64-debian-gcc | 1.3-3 | 22.25 | 205.81 | 228.06 | OK | |
r-devel-linux-x86_64-fedora-clang | 1.3-3 | 390.26 | NOTE | |||
r-devel-linux-x86_64-fedora-gcc | 1.3-3 | 450.04 | OK | |||
r-devel-windows-x86_64 | 1.3-3 | 31.00 | 243.00 | 274.00 | NOTE | |
r-patched-linux-x86_64 | 1.3-3 | 27.03 | 270.21 | 297.24 | OK | |
r-release-linux-x86_64 | 1.3-3 | 25.36 | 264.84 | 290.20 | OK | |
r-release-macos-arm64 | 1.3-3 | 102.00 | NOTE | |||
r-release-macos-x86_64 | 1.3-3 | 243.00 | NOTE | |||
r-release-windows-x86_64 | 1.3-3 | 33.00 | 239.00 | 272.00 | NOTE | |
r-oldrel-macos-arm64 | 1.3-3 | 168.00 | NOTE | |||
r-oldrel-macos-x86_64 | 1.3-3 | 257.00 | NOTE | |||
r-oldrel-windows-x86_64 | 1.3-3 | 38.00 | 298.00 | 336.00 | NOTE |
Version: 1.3-3
Check: installed package size
Result: NOTE
installed size is 8.1Mb
sub-directories of 1Mb or more:
doc 5.3Mb
etc 1.4Mb
Flavors: r-devel-linux-x86_64-fedora-clang, r-devel-windows-x86_64, r-release-macos-arm64, r-release-macos-x86_64, r-release-windows-x86_64, r-oldrel-macos-arm64, r-oldrel-macos-x86_64, r-oldrel-windows-x86_64