Last updated on 2024-05-11 03:52:11 CEST.
Flavor | Version | Tinstall | Tcheck | Ttotal | Status | Flags |
---|---|---|---|---|---|---|
r-devel-linux-x86_64-debian-clang | 0.9.1 | 5.65 | 30.88 | 36.53 | OK | |
r-devel-linux-x86_64-debian-gcc | 0.9.1 | 4.53 | 23.76 | 28.29 | OK | |
r-devel-linux-x86_64-fedora-clang | 0.9.1 | 49.08 | OK | |||
r-devel-linux-x86_64-fedora-gcc | 0.9.1 | 63.55 | OK | |||
r-devel-windows-x86_64 | 0.9.1 | 20.00 | 89.00 | 109.00 | NOTE | |
r-patched-linux-x86_64 | 0.9.1 | 5.60 | 29.54 | 35.14 | OK | |
r-release-linux-x86_64 | 0.9.1 | 4.91 | 29.50 | 34.41 | OK | |
r-release-macos-arm64 | 0.9.1 | 31.00 | OK | |||
r-release-windows-x86_64 | 0.9.1 | 20.00 | 91.00 | 111.00 | NOTE | |
r-oldrel-macos-arm64 | 0.9.1 | 32.00 | OK | |||
r-oldrel-macos-x86_64 | 0.9.1 | 62.00 | OK | |||
r-oldrel-windows-x86_64 | 0.9.1 | 23.00 | 101.00 | 124.00 | NOTE |
Version: 0.9.1
Check: installed package size
Result: NOTE
installed size is 5.5Mb
sub-directories of 1Mb or more:
libs 4.6Mb
Flavors: r-devel-windows-x86_64, r-release-windows-x86_64, r-oldrel-windows-x86_64