Last updated on 2024-05-13 03:49:50 CEST.
Flavor | Version | Tinstall | Tcheck | Ttotal | Status | Flags |
---|---|---|---|---|---|---|
r-devel-linux-x86_64-debian-clang | 0.1.15 | 5.57 | 60.76 | 66.33 | NOTE | |
r-devel-linux-x86_64-debian-gcc | 0.1.15 | 3.62 | 45.13 | 48.75 | NOTE | |
r-devel-linux-x86_64-fedora-clang | 0.1.15 | 82.40 | NOTE | |||
r-devel-linux-x86_64-fedora-gcc | 0.1.15 | 112.41 | NOTE | |||
r-devel-windows-x86_64 | 0.1.15 | 6.00 | 69.00 | 75.00 | NOTE | |
r-patched-linux-x86_64 | 0.1.15 | 5.68 | 57.21 | 62.89 | NOTE | |
r-release-linux-x86_64 | 0.1.15 | 5.20 | 57.05 | 62.25 | NOTE | |
r-release-macos-arm64 | 0.1.15 | 37.00 | OK | |||
r-release-macos-x86_64 | 0.1.15 | 78.00 | OK | |||
r-release-windows-x86_64 | 0.1.15 | 7.00 | 69.00 | 76.00 | NOTE | |
r-oldrel-macos-arm64 | 0.1.15 | 40.00 | OK | |||
r-oldrel-macos-x86_64 | 0.1.15 | 77.00 | OK | |||
r-oldrel-windows-x86_64 | 0.1.15 | 7.00 | 75.00 | 82.00 | OK |
Version: 0.1.15
Check: HTML version of manual
Result: NOTE
Found the following HTML validation problems:
create_symlink.html:55:1 (create_symlink.Rd:17): Warning: trimming empty <dt>
Flavors: r-devel-linux-x86_64-debian-clang, r-devel-linux-x86_64-debian-gcc, r-devel-linux-x86_64-fedora-clang, r-devel-linux-x86_64-fedora-gcc, r-devel-windows-x86_64, r-patched-linux-x86_64, r-release-linux-x86_64, r-release-windows-x86_64