Last updated on 2024-05-11 03:52:11 CEST.
Flavor | Version | Tinstall | Tcheck | Ttotal | Status | Flags |
---|---|---|---|---|---|---|
r-devel-linux-x86_64-debian-clang | 1.3.7 | 54.51 | 303.75 | 358.26 | OK | |
r-devel-linux-x86_64-debian-gcc | 1.3.7 | 41.48 | 217.51 | 258.99 | OK | |
r-devel-linux-x86_64-fedora-clang | 1.3.7 | 458.93 | OK | |||
r-devel-linux-x86_64-fedora-gcc | 1.3.7 | 516.42 | OK | |||
r-devel-windows-x86_64 | 1.3.7 | 45.00 | 283.00 | 328.00 | OK | |
r-patched-linux-x86_64 | 1.3.7 | 54.70 | 287.98 | 342.68 | OK | |
r-release-linux-x86_64 | 1.3.7 | 47.14 | 287.94 | 335.08 | OK | |
r-release-macos-arm64 | 1.3.7 | 124.00 | NOTE | |||
r-release-windows-x86_64 | 1.3.7 | 44.00 | 280.00 | 324.00 | OK | |
r-oldrel-macos-arm64 | 1.3.7 | 141.00 | NOTE | |||
r-oldrel-macos-x86_64 | 1.3.7 | 346.00 | NOTE | |||
r-oldrel-windows-x86_64 | 1.3.7 | 54.00 | 340.00 | 394.00 | OK |
Version: 1.3.7
Check: installed package size
Result: NOTE
installed size is 5.3Mb
sub-directories of 1Mb or more:
data 1.7Mb
libs 2.4Mb
Flavors: r-release-macos-arm64, r-oldrel-macos-arm64, r-oldrel-macos-x86_64