Last updated on 2024-05-13 03:49:50 CEST.
Flavor | Version | Tinstall | Tcheck | Ttotal | Status | Flags |
---|---|---|---|---|---|---|
r-devel-linux-x86_64-debian-clang | 1.5 | 13.53 | 210.22 | 223.75 | NOTE | |
r-devel-linux-x86_64-debian-gcc | 1.5 | 10.14 | 160.48 | 170.62 | NOTE | |
r-devel-linux-x86_64-fedora-clang | 1.5 | 292.88 | NOTE | |||
r-devel-linux-x86_64-fedora-gcc | 1.5 | 416.50 | NOTE | |||
r-devel-windows-x86_64 | 1.5 | 12.00 | 149.00 | 161.00 | NOTE | |
r-patched-linux-x86_64 | 1.5 | 15.85 | 202.25 | 218.10 | NOTE | |
r-release-linux-x86_64 | 1.5 | 13.87 | 202.68 | 216.55 | NOTE | |
r-release-macos-arm64 | 1.5 | 110.00 | NOTE | |||
r-release-windows-x86_64 | 1.5 | 13.00 | 148.00 | 161.00 | NOTE | |
r-oldrel-macos-arm64 | 1.5 | 86.00 | OK | |||
r-oldrel-macos-x86_64 | 1.5 | 161.00 | OK | |||
r-oldrel-windows-x86_64 | 1.5 | 13.00 | 184.00 | 197.00 | OK |
Version: 1.5
Check: Rd files
Result: NOTE
checkRd: (-1) isle.Rd:38: Lost braces
38 | \code{\link[streamDAG]{stream.order}}, \code{\link[igraph]{delete.vertices}}, code{\link[igraph]{add.vertices}}, code{\link[igraph]{add.edges}}
| ^
checkRd: (-1) isle.Rd:38: Lost braces
38 | \code{\link[streamDAG]{stream.order}}, \code{\link[igraph]{delete.vertices}}, code{\link[igraph]{add.vertices}}, code{\link[igraph]{add.edges}}
| ^
Flavors: r-devel-linux-x86_64-debian-clang, r-devel-linux-x86_64-debian-gcc, r-devel-linux-x86_64-fedora-clang, r-devel-linux-x86_64-fedora-gcc, r-devel-windows-x86_64, r-patched-linux-x86_64, r-release-linux-x86_64, r-release-macos-arm64, r-release-windows-x86_64