Last updated on 2024-05-13 03:49:50 CEST.
Flavor | Version | Tinstall | Tcheck | Ttotal | Status | Flags |
---|---|---|---|---|---|---|
r-devel-linux-x86_64-debian-clang | 0.0.5 | 11.16 | 90.12 | 101.28 | OK | |
r-devel-linux-x86_64-debian-gcc | 0.0.5 | 7.39 | 68.11 | 75.50 | OK | |
r-devel-linux-x86_64-fedora-clang | 0.0.5 | 124.56 | NOTE | |||
r-devel-linux-x86_64-fedora-gcc | 0.0.5 | 177.22 | NOTE | |||
r-devel-windows-x86_64 | 0.0.5 | 9.00 | 95.00 | 104.00 | OK | |
r-patched-linux-x86_64 | 0.0.5 | 15.55 | 87.52 | 103.07 | OK | |
r-release-linux-x86_64 | 0.0.5 | 6.34 | 88.30 | 94.64 | OK | |
r-release-macos-arm64 | 0.0.5 | 40.00 | OK | |||
r-release-windows-x86_64 | 0.0.5 | 11.00 | 97.00 | 108.00 | OK | |
r-oldrel-macos-arm64 | 0.0.5 | 43.00 | OK | |||
r-oldrel-macos-x86_64 | 0.0.5 | 65.00 | OK | |||
r-oldrel-windows-x86_64 | 0.0.5 | 12.00 | 115.00 | 127.00 | OK |
Version: 0.0.5
Check: dependencies in R code
Result: NOTE
Namespace in Imports field not imported from: ‘quadprog’
All declared Imports should be used.
Flavors: r-devel-linux-x86_64-fedora-clang, r-devel-linux-x86_64-fedora-gcc