Last updated on 2024-05-13 03:49:51 CEST.
Flavor | Version | Tinstall | Tcheck | Ttotal | Status | Flags |
---|---|---|---|---|---|---|
r-devel-linux-x86_64-debian-clang | 0.0-25 | 3.52 | 24.57 | 28.09 | NOTE | |
r-devel-linux-x86_64-debian-gcc | 0.0-25 | 3.60 | 19.27 | 22.87 | NOTE | |
r-devel-linux-x86_64-fedora-clang | 0.0-25 | 37.95 | NOTE | |||
r-devel-linux-x86_64-fedora-gcc | 0.0-25 | 40.77 | NOTE | |||
r-devel-windows-x86_64 | 0.0-25 | 6.00 | 44.00 | 50.00 | NOTE | |
r-patched-linux-x86_64 | 0.0-25 | 3.74 | 23.80 | 27.54 | OK | |
r-release-linux-x86_64 | 0.0-25 | 3.79 | 24.35 | 28.14 | OK | |
r-release-macos-arm64 | 0.0-25 | 17.00 | OK | |||
r-release-windows-x86_64 | 0.0-25 | 6.00 | 43.00 | 49.00 | OK | |
r-oldrel-macos-arm64 | 0.0-25 | 23.00 | OK | |||
r-oldrel-macos-x86_64 | 0.0-25 | 43.00 | OK | |||
r-oldrel-windows-x86_64 | 0.0-25 | 6.00 | 43.00 | 49.00 | OK |
Version: 0.0-25
Check: compiled code
Result: NOTE
File ‘tau/libs/tau.so’:
Found non-API call to R: ‘SET_S4_OBJECT’
Compiled code should not call non-API entry points in R.
See ‘Writing portable packages’ in the ‘Writing R Extensions’ manual.
Flavors: r-devel-linux-x86_64-debian-clang, r-devel-linux-x86_64-debian-gcc, r-devel-linux-x86_64-fedora-clang, r-devel-linux-x86_64-fedora-gcc
Version: 0.0-25
Check: compiled code
Result: NOTE
File 'tau/libs/x64/tau.dll':
Found non-API call to R: 'SET_S4_OBJECT'
Compiled code should not call non-API entry points in R.
See 'Writing portable packages' in the 'Writing R Extensions' manual.
Flavor: r-devel-windows-x86_64