Last updated on 2024-05-11 15:49:21 CEST.
Flavor | Version | Tinstall | Tcheck | Ttotal | Status | Flags |
---|---|---|---|---|---|---|
r-devel-linux-x86_64-debian-clang | 0.0.4 | 6.18 | 50.75 | 56.93 | OK | |
r-devel-linux-x86_64-debian-gcc | 0.0.4 | 4.79 | 38.88 | 43.67 | OK | |
r-devel-linux-x86_64-fedora-clang | 0.0.4 | 71.22 | NOTE | |||
r-devel-linux-x86_64-fedora-gcc | 0.0.4 | 97.62 | OK | |||
r-devel-windows-x86_64 | 0.0.4 | 8.00 | 58.00 | 66.00 | OK | |
r-patched-linux-x86_64 | 0.0.4 | 3.53 | 49.35 | 52.88 | OK | |
r-release-linux-x86_64 | 0.0.4 | 3.56 | 48.36 | 51.92 | OK | |
r-release-macos-arm64 | 0.0.4 | 25.00 | OK | |||
r-release-windows-x86_64 | 0.0.4 | 7.00 | 58.00 | 65.00 | OK | |
r-oldrel-macos-arm64 | 0.0.4 | 26.00 | OK | |||
r-oldrel-macos-x86_64 | 0.0.4 | 36.00 | OK | |||
r-oldrel-windows-x86_64 | 0.0.4 | 8.00 | 63.00 | 71.00 | OK |
Version: 0.0.4
Check: Rd cross-references
Result: NOTE
Undeclared package ‘scales’ in Rd xrefs
Flavor: r-devel-linux-x86_64-fedora-clang