Last updated on 2024-05-13 03:49:51 CEST.
Flavor | Version | Tinstall | Tcheck | Ttotal | Status | Flags |
---|---|---|---|---|---|---|
r-devel-linux-x86_64-debian-clang | 0.1.0 | 35.92 | 27.70 | 63.62 | NOTE | |
r-devel-linux-x86_64-debian-gcc | 0.1.0 | 25.78 | 21.36 | 47.14 | NOTE | |
r-devel-linux-x86_64-fedora-clang | 0.1.0 | 88.52 | NOTE | |||
r-devel-linux-x86_64-fedora-gcc | 0.1.0 | 130.96 | NOTE | |||
r-devel-windows-x86_64 | 0.1.0 | 27.00 | 64.00 | 91.00 | NOTE | |
r-patched-linux-x86_64 | 0.1.0 | 34.57 | 27.88 | 62.45 | NOTE | |
r-release-linux-x86_64 | 0.1.0 | 34.58 | 27.71 | 62.29 | NOTE | |
r-release-macos-arm64 | 0.1.0 | 23.00 | NOTE | |||
r-release-windows-x86_64 | 0.1.0 | 28.00 | 62.00 | 90.00 | NOTE | |
r-oldrel-macos-arm64 | 0.1.0 | 24.00 | NOTE | |||
r-oldrel-macos-x86_64 | 0.1.0 | 41.00 | NOTE | |||
r-oldrel-windows-x86_64 | 0.1.0 | 34.00 | 102.00 | 136.00 | NOTE |
Version: 0.1.0
Check: C++ specification
Result: NOTE
Specified C++11: please drop specification unless essential
Flavors: r-devel-linux-x86_64-debian-clang, r-devel-linux-x86_64-debian-gcc, r-devel-linux-x86_64-fedora-clang, r-devel-linux-x86_64-fedora-gcc, r-devel-windows-x86_64, r-patched-linux-x86_64, r-release-linux-x86_64, r-release-macos-arm64, r-release-windows-x86_64, r-oldrel-macos-arm64, r-oldrel-macos-x86_64, r-oldrel-windows-x86_64
Version: 0.1.0
Check: LazyData
Result: NOTE
'LazyData' is specified without a 'data' directory
Flavors: r-devel-linux-x86_64-debian-clang, r-devel-linux-x86_64-debian-gcc, r-devel-linux-x86_64-fedora-clang, r-devel-linux-x86_64-fedora-gcc, r-devel-windows-x86_64, r-patched-linux-x86_64, r-release-linux-x86_64, r-release-macos-arm64, r-release-windows-x86_64, r-oldrel-macos-arm64, r-oldrel-macos-x86_64, r-oldrel-windows-x86_64