Last updated on 2024-05-11 03:52:13 CEST.
Flavor | Version | Tinstall | Tcheck | Ttotal | Status | Flags |
---|---|---|---|---|---|---|
r-devel-linux-x86_64-debian-clang | 0.2.0 | 21.93 | 186.07 | 208.00 | OK | |
r-devel-linux-x86_64-debian-gcc | 0.2.0 | 16.23 | 132.45 | 148.68 | OK | |
r-devel-linux-x86_64-fedora-clang | 0.2.0 | 260.58 | NOTE | |||
r-devel-linux-x86_64-fedora-gcc | 0.2.0 | 307.48 | OK | |||
r-devel-windows-x86_64 | 0.2.0 | 17.00 | 139.00 | 156.00 | OK | |
r-patched-linux-x86_64 | 0.2.0 | 14.75 | 175.79 | 190.54 | OK | |
r-release-linux-x86_64 | 0.2.0 | 14.55 | 169.55 | 184.10 | OK | |
r-release-macos-arm64 | 0.2.0 | 65.00 | OK | |||
r-release-macos-x86_64 | 0.2.0 | 172.00 | OK | |||
r-release-windows-x86_64 | 0.2.0 | 17.00 | 141.00 | 158.00 | OK | |
r-oldrel-macos-arm64 | 0.2.0 | 76.00 | OK | |||
r-oldrel-macos-x86_64 | 0.2.0 | 167.00 | OK | |||
r-oldrel-windows-x86_64 | 0.2.0 | 22.00 | 180.00 | 202.00 | OK |
Version: 0.2.0
Check: whether startup messages can be suppressed
Result: NOTE
OMP: Warning #96: Cannot form a team with 24 threads, using 2 instead.
OMP: Hint Consider unsetting KMP_DEVICE_THREAD_LIMIT (KMP_ALL_THREADS), KMP_TEAMS_THREAD_LIMIT, and OMP_THREAD_LIMIT (if any are set).
It looks like this package (or a package it requires) has a startup
message which cannot be suppressed: see ?packageStartupMessage.
Flavor: r-devel-linux-x86_64-fedora-clang