Last updated on 2024-05-09 15:49:37 CEST.
Flavor | Version | Tinstall | Tcheck | Ttotal | Status | Flags |
---|---|---|---|---|---|---|
r-devel-linux-x86_64-debian-clang | 3.2.1 | 8.99 | 214.52 | 223.51 | NOTE | |
r-devel-linux-x86_64-debian-gcc | 3.2.1 | 6.48 | 152.59 | 159.07 | NOTE | |
r-devel-linux-x86_64-fedora-clang | 3.2.1 | 268.36 | NOTE | |||
r-devel-linux-x86_64-fedora-gcc | 3.2.1 | 288.21 | NOTE | |||
r-devel-windows-x86_64 | 3.2.1 | 12.00 | 155.00 | 167.00 | NOTE | |
r-patched-linux-x86_64 | 3.2.1 | 13.36 | 197.74 | 211.10 | OK | |
r-release-linux-x86_64 | 3.2.1 | 7.92 | 201.45 | 209.37 | OK | |
r-release-macos-arm64 | 3.2.1 | 74.00 | OK | |||
r-release-windows-x86_64 | 3.2.1 | 12.00 | 156.00 | 168.00 | OK | |
r-oldrel-macos-arm64 | 3.2.1 | 84.00 | OK | |||
r-oldrel-macos-x86_64 | 3.2.1 | 151.00 | OK | |||
r-oldrel-windows-x86_64 | 3.2.1 | 1.00 | 6.00 | 7.00 | ERROR |
Version: 3.2.1
Check: compiled code
Result: NOTE
File ‘tibble/libs/tibble.so’:
Found non-API call to R: ‘SET_S4_OBJECT’
Compiled code should not call non-API entry points in R.
See ‘Writing portable packages’ in the ‘Writing R Extensions’ manual.
Flavors: r-devel-linux-x86_64-debian-clang, r-devel-linux-x86_64-debian-gcc, r-devel-linux-x86_64-fedora-clang, r-devel-linux-x86_64-fedora-gcc
Version: 3.2.1
Check: compiled code
Result: NOTE
File 'tibble/libs/x64/tibble.dll':
Found non-API call to R: 'SET_S4_OBJECT'
Compiled code should not call non-API entry points in R.
See 'Writing portable packages' in the 'Writing R Extensions' manual.
Flavor: r-devel-windows-x86_64
Version: 3.2.1
Check: whether package can be installed
Result: ERROR
Installation failed.
Flavor: r-oldrel-windows-x86_64