Last updated on 2024-05-13 03:49:51 CEST.
Flavor | Version | Tinstall | Tcheck | Ttotal | Status | Flags |
---|---|---|---|---|---|---|
r-devel-linux-x86_64-debian-clang | 1.3.1 | 16.72 | 186.94 | 203.66 | NOTE | |
r-devel-linux-x86_64-debian-gcc | 1.3.1 | 14.17 | 135.59 | 149.76 | NOTE | |
r-devel-linux-x86_64-fedora-clang | 1.3.1 | 260.88 | NOTE | |||
r-devel-linux-x86_64-fedora-gcc | 1.3.1 | 281.07 | NOTE | |||
r-devel-windows-x86_64 | 1.3.1 | 19.00 | 161.00 | 180.00 | NOTE | |
r-patched-linux-x86_64 | 1.3.1 | 18.57 | 176.56 | 195.13 | OK | |
r-release-linux-x86_64 | 1.3.1 | 18.86 | 176.28 | 195.14 | OK | |
r-release-macos-arm64 | 1.3.1 | 74.00 | ERROR | |||
r-release-macos-x86_64 | 1.3.1 | 177.00 | OK | |||
r-release-windows-x86_64 | 1.3.1 | 20.00 | 160.00 | 180.00 | OK | |
r-oldrel-macos-arm64 | 1.3.1 | 87.00 | OK | |||
r-oldrel-macos-x86_64 | 1.3.1 | 156.00 | OK | |||
r-oldrel-windows-x86_64 | 1.3.1 | 24.00 | 197.00 | 221.00 | OK |
Version: 1.3.1
Check: compiled code
Result: NOTE
File ‘tidyr/libs/tidyr.so’:
Found non-API calls to R: ‘SETLENGTH’, ‘SET_TRUELENGTH’
Compiled code should not call non-API entry points in R.
See ‘Writing portable packages’ in the ‘Writing R Extensions’ manual.
Flavors: r-devel-linux-x86_64-debian-clang, r-devel-linux-x86_64-debian-gcc, r-devel-linux-x86_64-fedora-clang, r-devel-linux-x86_64-fedora-gcc
Version: 1.3.1
Check: data for non-ASCII characters
Result: NOTE
Note: found 24 marked UTF-8 strings
Flavors: r-devel-linux-x86_64-fedora-clang, r-devel-linux-x86_64-fedora-gcc
Version: 1.3.1
Check: compiled code
Result: NOTE
File 'tidyr/libs/x64/tidyr.dll':
Found non-API calls to R: 'SETLENGTH', 'SET_TRUELENGTH'
Compiled code should not call non-API entry points in R.
See 'Writing portable packages' in the 'Writing R Extensions' manual.
Flavor: r-devel-windows-x86_64
Version: 1.3.1
Check: re-building of vignette outputs
Result: ERROR
Error(s) in re-building vignettes:
--- re-building ‘in-packages.Rmd’ using rmarkdown
--- finished re-building ‘in-packages.Rmd’
--- re-building ‘nest.Rmd’ using rmarkdown
--- finished re-building ‘nest.Rmd’
--- re-building ‘pivot.Rmd’ using rmarkdown
Quitting from lines 44-47 [setup] (pivot.Rmd)
Error: processing vignette 'pivot.Rmd' failed with diagnostics:
there is no package called 'readr'
--- failed re-building ‘pivot.Rmd’
--- re-building ‘programming.Rmd’ using rmarkdown
--- finished re-building ‘programming.Rmd’
--- re-building ‘rectangle.Rmd’ using rmarkdown
--- finished re-building ‘rectangle.Rmd’
--- re-building ‘tidy-data.Rmd’ using rmarkdown
--- finished re-building ‘tidy-data.Rmd’
SUMMARY: processing the following file failed:
‘pivot.Rmd’
Error: Vignette re-building failed.
Execution halted
Flavor: r-release-macos-arm64