Last updated on 2024-05-11 15:49:22 CEST.
Flavor | Version | Tinstall | Tcheck | Ttotal | Status | Flags |
---|---|---|---|---|---|---|
r-devel-linux-x86_64-debian-clang | 1.6.1 | 11.01 | 175.86 | 186.87 | OK | |
r-devel-linux-x86_64-debian-gcc | 1.6.1 | 8.98 | 136.49 | 145.47 | OK | |
r-devel-linux-x86_64-fedora-clang | 1.6.1 | 241.49 | NOTE | |||
r-devel-linux-x86_64-fedora-gcc | 1.6.1 | 297.16 | OK | |||
r-devel-windows-x86_64 | 1.6.1 | 12.00 | 153.00 | 165.00 | NOTE | |
r-patched-linux-x86_64 | 1.6.1 | 12.37 | 175.68 | 188.05 | OK | |
r-release-linux-x86_64 | 1.6.1 | 12.60 | 177.10 | 189.70 | OK | |
r-release-macos-arm64 | 1.6.1 | 73.00 | NOTE | |||
r-release-windows-x86_64 | 1.6.1 | 13.00 | 150.00 | 163.00 | NOTE | |
r-oldrel-macos-arm64 | 1.6.1 | 91.00 | NOTE | |||
r-oldrel-macos-x86_64 | 1.6.1 | 156.00 | NOTE | |||
r-oldrel-windows-x86_64 | 1.6.1 | 18.00 | 175.00 | 193.00 | NOTE |
Version: 1.6.1
Check: installed package size
Result: NOTE
installed size is 6.9Mb
sub-directories of 1Mb or more:
doc 2.0Mb
extdata 4.5Mb
Flavors: r-devel-linux-x86_64-fedora-clang, r-devel-windows-x86_64, r-release-macos-arm64, r-release-windows-x86_64, r-oldrel-macos-arm64, r-oldrel-macos-x86_64, r-oldrel-windows-x86_64