Last updated on 2024-05-13 03:49:51 CEST.
Flavor | Version | Tinstall | Tcheck | Ttotal | Status | Flags |
---|---|---|---|---|---|---|
r-devel-linux-x86_64-debian-clang | 0.3.0 | 41.52 | 31.63 | 73.15 | NOTE | |
r-devel-linux-x86_64-debian-gcc | 0.3.0 | 25.73 | 24.33 | 50.06 | NOTE | |
r-devel-linux-x86_64-fedora-clang | 0.3.0 | 112.96 | NOTE | |||
r-devel-linux-x86_64-fedora-gcc | 0.3.0 | 107.98 | NOTE | |||
r-devel-windows-x86_64 | 0.3.0 | 35.00 | 74.00 | 109.00 | NOTE | |
r-patched-linux-x86_64 | 0.3.0 | 43.79 | 30.52 | 74.31 | OK | |
r-release-linux-x86_64 | 0.3.0 | 41.33 | 30.75 | 72.08 | OK | |
r-release-macos-arm64 | 0.3.0 | 28.00 | OK | |||
r-release-windows-x86_64 | 0.3.0 | 36.00 | 70.00 | 106.00 | OK | |
r-oldrel-macos-arm64 | 0.3.0 | 52.00 | OK | |||
r-oldrel-macos-x86_64 | 0.3.0 | 95.00 | OK | |||
r-oldrel-windows-x86_64 | 0.3.0 | 35.00 | 79.00 | 114.00 | OK |
Version: 0.3.0
Check: compiled code
Result: NOTE
File ‘timechange/libs/timechange.so’:
Found non-API calls to R: ‘SETLENGTH’, ‘SET_TRUELENGTH’
Compiled code should not call non-API entry points in R.
See ‘Writing portable packages’ in the ‘Writing R Extensions’ manual.
Flavors: r-devel-linux-x86_64-debian-clang, r-devel-linux-x86_64-debian-gcc, r-devel-linux-x86_64-fedora-clang, r-devel-linux-x86_64-fedora-gcc
Version: 0.3.0
Check: compiled code
Result: NOTE
File 'timechange/libs/x64/timechange.dll':
Found non-API calls to R: 'SETLENGTH', 'SET_TRUELENGTH'
Compiled code should not call non-API entry points in R.
See 'Writing portable packages' in the 'Writing R Extensions' manual.
Flavor: r-devel-windows-x86_64