Last updated on 2024-05-13 03:49:52 CEST.
Flavor | Version | Tinstall | Tcheck | Ttotal | Status | Flags |
---|---|---|---|---|---|---|
r-devel-linux-x86_64-debian-clang | 1.0.91 | 152.87 | 176.71 | 329.58 | NOTE | |
r-devel-linux-x86_64-debian-gcc | 1.0.91 | 156.27 | 139.21 | 295.48 | NOTE | |
r-devel-linux-x86_64-fedora-clang | 1.0.91 | 428.93 | NOTE | |||
r-devel-linux-x86_64-fedora-gcc | 1.0.91 | 647.99 | NOTE | |||
r-devel-windows-x86_64 | 1.0.91 | 129.00 | 149.00 | 278.00 | NOTE | |
r-patched-linux-x86_64 | 1.0.91 | 154.32 | 178.88 | 333.20 | NOTE | |
r-release-linux-x86_64 | 1.0.91 | 0.01 | 2.18 | 2.19 | ERROR | |
r-release-macos-arm64 | 1.0.91 | 105.00 | NOTE | |||
r-release-windows-x86_64 | 1.0.91 | 136.00 | 147.00 | 283.00 | NOTE | |
r-oldrel-macos-arm64 | 1.0.91 | 84.00 | NOTE | |||
r-oldrel-macos-x86_64 | 1.0.91 | 214.00 | NOTE | |||
r-oldrel-windows-x86_64 | 1.0.91 | 166.00 | 187.00 | 353.00 | NOTE |
Version: 1.0.91
Check: for GNU extensions in Makefiles
Result: NOTE
GNU make is a SystemRequirements.
Flavors: r-devel-linux-x86_64-debian-clang, r-devel-linux-x86_64-debian-gcc, r-devel-linux-x86_64-fedora-clang, r-devel-linux-x86_64-fedora-gcc, r-devel-windows-x86_64, r-patched-linux-x86_64, r-release-macos-arm64, r-release-windows-x86_64, r-oldrel-macos-arm64, r-oldrel-macos-x86_64, r-oldrel-windows-x86_64
Version: 1.0.91
Check: whether package can be installed
Result: ERROR
Installation failed.
Flavor: r-release-linux-x86_64
Version: 1.0.91
Check: installed package size
Result: NOTE
installed size is 47.0Mb
sub-directories of 1Mb or more:
libs 46.7Mb
Flavors: r-release-macos-arm64, r-oldrel-macos-arm64, r-oldrel-macos-x86_64