Last updated on 2024-05-09 15:49:38 CEST.
Flavor | Version | Tinstall | Tcheck | Ttotal | Status | Flags |
---|---|---|---|---|---|---|
r-devel-linux-x86_64-debian-clang | 0.1.5 | 26.57 | 45.53 | 72.10 | NOTE | |
r-devel-linux-x86_64-debian-gcc | 0.1.5 | 20.90 | 34.73 | 55.63 | NOTE | |
r-devel-linux-x86_64-fedora-clang | 0.1.5 | 102.97 | NOTE | |||
r-devel-linux-x86_64-fedora-gcc | 0.1.5 | 140.84 | NOTE | |||
r-devel-windows-x86_64 | 0.1.5 | 22.00 | 78.00 | 100.00 | NOTE | |
r-patched-linux-x86_64 | 0.1.5 | 26.43 | 41.96 | 68.39 | NOTE | |
r-release-linux-x86_64 | 0.1.5 | 22.38 | 42.75 | 65.13 | NOTE | |
r-release-macos-arm64 | 0.1.5 | 29.00 | NOTE | |||
r-release-windows-x86_64 | 0.1.5 | 23.00 | 78.00 | 101.00 | NOTE | |
r-oldrel-macos-arm64 | 0.1.5 | 35.00 | NOTE | |||
r-oldrel-macos-x86_64 | 0.1.5 | 50.00 | NOTE | |||
r-oldrel-windows-x86_64 | 0.1.5 | 22.00 | 90.00 | 112.00 | NOTE |
Version: 0.1.5
Check: C++ specification
Result: NOTE
Specified C++11: please drop specification unless essential
Flavors: r-devel-linux-x86_64-debian-clang, r-devel-linux-x86_64-debian-gcc, r-devel-linux-x86_64-fedora-clang, r-devel-linux-x86_64-fedora-gcc, r-devel-windows-x86_64, r-patched-linux-x86_64, r-release-linux-x86_64, r-release-macos-arm64, r-release-windows-x86_64, r-oldrel-macos-arm64, r-oldrel-macos-x86_64, r-oldrel-windows-x86_64