Last updated on 2024-05-13 03:49:52 CEST.
Flavor | Version | Tinstall | Tcheck | Ttotal | Status | Flags |
---|---|---|---|---|---|---|
r-devel-linux-x86_64-debian-clang | 1.0.1 | 7.47 | 376.37 | 383.84 | OK | |
r-devel-linux-x86_64-debian-gcc | 1.0.1 | 7.16 | 251.69 | 258.85 | OK | |
r-devel-linux-x86_64-fedora-clang | 1.0.1 | 449.30 | OK | |||
r-devel-linux-x86_64-fedora-gcc | 1.0.1 | 445.20 | OK | |||
r-devel-windows-x86_64 | 1.0.1 | 9.00 | 235.00 | 244.00 | OK | |
r-patched-linux-x86_64 | 1.0.1 | 10.33 | 334.98 | 345.31 | ERROR | |
r-release-linux-x86_64 | 1.0.1 | 8.22 | 351.08 | 359.30 | OK | |
r-release-macos-arm64 | 1.0.1 | 105.00 | OK | |||
r-release-macos-x86_64 | 1.0.1 | 294.00 | OK | |||
r-release-windows-x86_64 | 1.0.1 | 11.00 | 230.00 | 241.00 | OK | |
r-oldrel-macos-arm64 | 1.0.1 | 109.00 | OK | |||
r-oldrel-macos-x86_64 | 1.0.1 | 265.00 | OK | |||
r-oldrel-windows-x86_64 | 1.0.1 | 12.00 | 316.00 | 328.00 | OK |
Version: 1.0.1
Check: tests
Result: ERROR
Running ‘testthat.R’ [259s/312s]
Running the tests in ‘tests/testthat.R’ failed.
Complete output:
> # This file is part of the standard setup for testthat.
> # It is recommended that you do not modify it.
> #
> # Where should you do additional test configuration?
> # Learn more about the roles of various files in:
> # * https://r-pkgs.org/testing-design.html#sec-tests-files-overview
> # * https://testthat.r-lib.org/articles/special-files.html
>
> library(testthat)
> library(treesliceR)
>
> test_check("treesliceR")
> The 7 number of pieces inputted equals to intervals of 0.251100536008039 million of years.
> The 7 number of pieces inputted equals to intervals of 0.251100536008039 million of years.
> The 7 number of pieces inputted equals to intervals of 0.251100536008039 million of years.
> The 5 number of pieces inputted equals to intervals of 0.231854509647715 million of years.
> The 5 number of pieces inputted equals to intervals of 0.231854509647715 million of years.
> The 5 number of pieces inputted equals to intervals of 0.231854509647715 million of years.
> The 15 number of pieces inputted equals to intervals of 0.208506008087941 million of years.
> The 15 number of pieces inputted equals to intervals of 0.208506008087941 million of years.
> The 15 number of pieces inputted equals to intervals of 0.208506008087941 million of years.
> The 6 number of pieces inputted equals to intervals of 0.861482617123028 million of years.
> The 6 number of pieces inputted equals to intervals of 0.861482617123028 million of years.
> The 6 number of pieces inputted equals to intervals of 0.861482617123028 million of years.
> The 11 number of pieces inputted equals to intervals of 0.0755659113391196 million of years.
> The 11 number of pieces inputted equals to intervals of 0.0755659113391196 million of years.
> The 11 number of pieces inputted equals to intervals of 0.0755659113391196 million of years.
> The 11 number of pieces inputted equals to intervals of 0.208500072336302 million of years.
> The 11 number of pieces inputted equals to intervals of 0.208500072336302 million of years.
> The 11 number of pieces inputted equals to intervals of 0.208500072336302 million of years.
> The 15 number of pieces inputted equals to intervals of 0.154702740250141 million of years.
> The 15 number of pieces inputted equals to intervals of 0.154702740250141 million of years.
> The 15 number of pieces inputted equals to intervals of 0.154702740250141 million of years.
> The 15 number of pieces inputted equals to intervals of 0.0440951934432688 million of years.
> The 15 number of pieces inputted equals to intervals of 0.0440951934432688 million of years.
> The 15 number of pieces inputted equals to intervals of 0.0440951934432688 million of years.
> The 15 number of pieces inputted equals to intervals of 0.0604631074250494 million of years.
> The 15 number of pieces inputted equals to intervals of 0.0604631074250494 million of years.
> The 15 number of pieces inputted equals to intervals of 0.0604631074250494 million of years.
> The 13 number of pieces inputted equals to intervals of 0.140390559328276 million of years.
> The 13 number of pieces inputted equals to intervals of 0.140390559328276 million of years.
> The 13 number of pieces inputted equals to intervals of 0.140390559328276 million of years.
> The 14 number of pieces inputted equals to intervals of 0.104824738055265 million of years.
> The 14 number of pieces inputted equals to intervals of 0.104824738055265 million of years.
> The 14 number of pieces inputted equals to intervals of 0.104824738055265 million of years.
> The 5 number of pieces inputted equals to intervals of 0.385872762020225 million of years.
> The 5 number of pieces inputted equals to intervals of 0.385872762020225 million of years.
> The 5 number of pieces inputted equals to intervals of 0.385872762020225 million of years.
> The 13 number of pieces inputted equals to intervals of 0.269415166022713 million of years.
> The 13 number of pieces inputted equals to intervals of 0.269415166022713 million of years.
> The 13 number of pieces inputted equals to intervals of 0.269415166022713 million of years.
> The 6 number of pieces inputted equals to intervals of 0.248154094590795 million of years.
> The 6 number of pieces inputted equals to intervals of 0.248154094590795 million of years.
> The 6 number of pieces inputted equals to intervals of 0.248154094590795 million of years.
> The 17 number of pieces inputted equals to intervals of 0.0397797273441528 million of years.
> The 19 number of pieces inputted equals to intervals of 0.0502024778278903 million of years.
> The 20 number of pieces inputted equals to intervals of 0.106913738009941 million of years.
> The 14 number of pieces inputted equals to intervals of 0.142457248789321 million of years.
> The 20 number of pieces inputted equals to intervals of 0.0751545549112785 million of years.
> The 17 number of pieces inputted equals to intervals of 0.0946278899355665 million of years.
> The 16 number of pieces inputted equals to intervals of 0.170048350003502 million of years.
> The 17 number of pieces inputted equals to intervals of 0.0478678314927759 million of years.
> The 11 number of pieces inputted equals to intervals of 0.131736450403702 million of years.
> The 14 number of pieces inputted equals to intervals of 0.132526679589731 million of years.
> The 13 number of pieces inputted equals to intervals of 0.188313650162621 million of years.
> The 20 number of pieces inputted equals to intervals of 0.0224770254422838 million of years.
> The 18 number of pieces inputted equals to intervals of 0.0795136638735576 million of years.
> The 12 number of pieces inputted equals to intervals of 0.0872424225274025 million of years.
> The 17 number of pieces inputted equals to intervals of 0.053434864564574 million of years.
> The 14 number of pieces inputted equals to intervals of 0.0327932523693558 million of years.
> The 18 number of pieces inputted equals to intervals of 0.179668203848959 million of years.
> The 16 number of pieces inputted equals to intervals of 0.129625328235219 million of years.
> The 19 number of pieces inputted equals to intervals of 0.0692215825691477 million of years.
> The 19 number of pieces inputted equals to intervals of 0.116474782457368 million of years.
> The 11 number of pieces inputted equals to intervals of 0.191303372357742 million of years.
> The 11 number of pieces inputted equals to intervals of 0.103865274425956 million of years.
> The 12 number of pieces inputted equals to intervals of 0.106456625804042 million of years.
> The 12 number of pieces inputted equals to intervals of 0.27813230791718 million of years.
> The 17 number of pieces inputted equals to intervals of 0.083468493782256 million of years.
> The 10 number of pieces inputted equals to intervals of 0.100232206398996 million of years.
> The 13 number of pieces inputted equals to intervals of 0.189316649276329 million of years.
> The 10 number of pieces inputted equals to intervals of 0.834920292798437 million of years.
> The 10 number of pieces inputted equals to intervals of 0.171700978535686 million of years.
> The 20 number of pieces inputted equals to intervals of 0.10754751110947 million of years.
> The 16 number of pieces inputted equals to intervals of 0.143756866904093 million of years.
> The 13 number of pieces inputted equals to intervals of 0.0313203237266794 million of years.
> The 10 number of pieces inputted equals to intervals of 0.181593272270488 million of years.
> The 12 number of pieces inputted equals to intervals of 0.0636261785198471 million of years.
> The 13 number of pieces inputted equals to intervals of 0.304224123646578 million of years.
> The 20 number of pieces inputted equals to intervals of 0.0956839102341222 million of years.
> The 11 number of pieces inputted equals to intervals of 0.08448223196144 million of years.
> The 10 number of pieces inputted equals to intervals of 0.248114803443758 million of years.
> The 19 number of pieces inputted equals to intervals of 0.0374602492705697 million of years.
> The 19 number of pieces inputted equals to intervals of 0.0696197916392876 million of years.
> The 13 number of pieces inputted equals to intervals of 0.18819927308842 million of years.
> The 16 number of pieces inputted equals to intervals of 0.0442263537888731 million of years.
> The 17 number of pieces inputted equals to intervals of 0.0482432611674907 million of years.
> The 12 number of pieces inputted equals to intervals of 0.260309881264038 million of years.
> The 15 number of pieces inputted equals to intervals of 0.122830820288873 million of years.
> The 18 number of pieces inputted equals to intervals of 0.0883928362362301 million of years.
> The 12 number of pieces inputted equals to intervals of 0.0720466438900678 million of years.
> The 20 number of pieces inputted equals to intervals of 0.117255002368152 million of years.
> The 12 number of pieces inputted equals to intervals of 0.297973848225955 million of years.
> The 18 number of pieces inputted equals to intervals of 0.0891688434599566 million of years.
> The 19 number of pieces inputted equals to intervals of 0.166514632137986 million of years.
> The 19 number of pieces inputted equals to intervals of 0.0542554372578004 million of years.
> The 13 number of pieces inputted equals to intervals of 0.369254604422272 million of years.
> The 12 number of pieces inputted equals to intervals of 0.0975564488835226 million of years.
> The 14 number of pieces inputted equals to intervals of 0.208077196746942 million of years.
> The 10 number of pieces inputted equals to intervals of 0.213325648942829 million of years.
> The 19 number of pieces inputted equals to intervals of 0.123815380982499 million of years.
> The 12 number of pieces inputted equals to intervals of 0.109862558687157 million of years.
> The 18 number of pieces inputted equals to intervals of 0.062934779896489 million of years.
> The 12 number of pieces inputted equals to intervals of 0.248976898331672 million of years.
> The 20 number of pieces inputted equals to intervals of 0.125341478556958 million of years.
> The 20 number of pieces inputted equals to intervals of 0.0895359840364881 million of years.
> The 20 number of pieces inputted equals to intervals of 0.0382236387206311 million of years.
> The 20 number of pieces inputted equals to intervals of 0.239734805739955 million of years.
> The 20 number of pieces inputted equals to intervals of 0.0619416414326161 million of years.
> The 20 number of pieces inputted equals to intervals of 0.060315449200543 million of years.
> The 20 number of pieces inputted equals to intervals of 0.0367912179395685 million of years.
> The 20 number of pieces inputted equals to intervals of 0.056265941369658 million of years.
> The 20 number of pieces inputted equals to intervals of 0.119978435239128 million of years.
> The 20 number of pieces inputted equals to intervals of 0.0765118540665944 million of years.
> The 20 number of pieces inputted equals to intervals of 0.0851439237598301 million of years.
> The 20 number of pieces inputted equals to intervals of 0.152488205940357 million of years.
> The 20 number of pieces inputted equals to intervals of 0.182832608453844 million of years.
> The 20 number of pieces inputted equals to intervals of 0.0890206610264487 million of years.
> The 20 number of pieces inputted equals to intervals of 0.0575187028448341 million of years.
> The 20 number of pieces inputted equals to intervals of 0.133665553692575 million of years.
> The 20 number of pieces inputted equals to intervals of 0.0633368271413268 million of years.
> The 20 number of pieces inputted equals to intervals of 0.127394337197115 million of years.
> The 20 number of pieces inputted equals to intervals of 0.0541262447498607 million of years.
> The 20 number of pieces inputted equals to intervals of 0.0837964140523048 million of years.
> The 25 number of pieces inputted equals to intervals of 0.044971331401722 million of years.
> The 50 number of pieces inputted equals to intervals of 0.022485665700861 million of years.
> The 75 number of pieces inputted equals to intervals of 0.014990443800574 million of years.
> The 100 number of pieces inputted equals to intervals of 0.0112428328504305 million of years.
> The 125 number of pieces inputted equals to intervals of 0.00899426628034439 million of years.
> The 25 number of pieces inputted equals to intervals of 0.044971331401722 million of years.
> The 50 number of pieces inputted equals to intervals of 0.022485665700861 million of years.
> The 75 number of pieces inputted equals to intervals of 0.014990443800574 million of years.
> The 100 number of pieces inputted equals to intervals of 0.0112428328504305 million of years.
> The 125 number of pieces inputted equals to intervals of 0.00899426628034439 million of years.
> The 25 number of pieces inputted equals to intervals of 0.044971331401722 million of years.
> The 50 number of pieces inputted equals to intervals of 0.022485665700861 million of years.
> The 75 number of pieces inputted equals to intervals of 0.014990443800574 million of years.
> The 100 number of pieces inputted equals to intervals of 0.0112428328504305 million of years.
> The 125 number of pieces inputted equals to intervals of 0.00899426628034439 million of years.
> The 25 number of pieces inputted equals to intervals of 0.044971331401722 million of years.
> The 50 number of pieces inputted equals to intervals of 0.022485665700861 million of years.
> The 75 number of pieces inputted equals to intervals of 0.014990443800574 million of years.
> The 100 number of pieces inputted equals to intervals of 0.0112428328504305 million of years.
> The 125 number of pieces inputted equals to intervals of 0.00899426628034439 million of years.
> The 25 number of pieces inputted equals to intervals of 0.0355303626099992 million of years.
> The 50 number of pieces inputted equals to intervals of 0.0177651813049996 million of years.
> The 75 number of pieces inputted equals to intervals of 0.0118434542033331 million of years.
> The 100 number of pieces inputted equals to intervals of 0.00888259065249981 million of years.
> The 125 number of pieces inputted equals to intervals of 0.00710607252199985 million of years.
> The 25 number of pieces inputted equals to intervals of 0.0355303626099992 million of years.
> The 50 number of pieces inputted equals to intervals of 0.0177651813049996 million of years.
> The 75 number of pieces inputted equals to intervals of 0.0118434542033331 million of years.
> The 100 number of pieces inputted equals to intervals of 0.00888259065249981 million of years.
> The 125 number of pieces inputted equals to intervals of 0.00710607252199985 million of years.
> The 25 number of pieces inputted equals to intervals of 0.0355303626099992 million of years.
> The 50 number of pieces inputted equals to intervals of 0.0177651813049996 million of years.
> The 75 number of pieces inputted equals to intervals of 0.0118434542033331 million of years.
> The 100 number of pieces inputted equals to intervals of 0.00888259065249981 million of years.
> The 125 number of pieces inputted equals to intervals of 0.00710607252199985 million of years.
> The 25 number of pieces inputted equals to intervals of 0.0355303626099992 million of years.
> The 50 number of pieces inputted equals to intervals of 0.0177651813049996 million of years.
> The 75 number of pieces inputted equals to intervals of 0.0118434542033331 million of years.
> The 100 number of pieces inputted equals to intervals of 0.00888259065249981 million of years.
> The 125 number of pieces inputted equals to intervals of 0.00710607252199985 million of years.
> The 25 number of pieces inputted equals to intervals of 0.028900112167746 million of years.
> The 50 number of pieces inputted equals to intervals of 0.014450056083873 million of years.
> The 75 number of pieces inputted equals to intervals of 0.00963337072258199 million of years.
> The 100 number of pieces inputted equals to intervals of 0.00722502804193649 million of years.
> The 125 number of pieces inputted equals to intervals of 0.00578002243354919 million of years.
> The 25 number of pieces inputted equals to intervals of 0.028900112167746 million of years.
> The 50 number of pieces inputted equals to intervals of 0.014450056083873 million of years.
> The 75 number of pieces inputted equals to intervals of 0.00963337072258199 million of years.
> The 100 number of pieces inputted equals to intervals of 0.00722502804193649 million of years.
> The 125 number of pieces inputted equals to intervals of 0.00578002243354919 million of years.
> The 25 number of pieces inputted equals to intervals of 0.028900112167746 million of years.
> The 50 number of pieces inputted equals to intervals of 0.014450056083873 million of years.
> The 75 number of pieces inputted equals to intervals of 0.00963337072258199 million of years.
> The 100 number of pieces inputted equals to intervals of 0.00722502804193649 million of years.
> The 125 number of pieces inputted equals to intervals of 0.00578002243354919 million of years.
> The 25 number of pieces inputted equals to intervals of 0.028900112167746 million of years.
> The 50 number of pieces inputted equals to intervals of 0.014450056083873 million of years.
> The 75 number of pieces inputted equals to intervals of 0.00963337072258199 million of years.
> The 100 number of pieces inputted equals to intervals of 0.00722502804193649 million of years.
> The 125 number of pieces inputted equals to intervals of 0.00578002243354919 million of years.
> The 25 number of pieces inputted equals to intervals of 0.127276418996086 million of years.
> The 50 number of pieces inputted equals to intervals of 0.0636382094980432 million of years.
> The 75 number of pieces inputted equals to intervals of 0.0424254729986954 million of years.
> The 100 number of pieces inputted equals to intervals of 0.0318191047490216 million of years.
> The 125 number of pieces inputted equals to intervals of 0.0254552837992173 million of years.
> The 25 number of pieces inputted equals to intervals of 0.127276418996086 million of years.
> The 50 number of pieces inputted equals to intervals of 0.0636382094980432 million of years.
> The 75 number of pieces inputted equals to intervals of 0.0424254729986954 million of years.
> The 100 number of pieces inputted equals to intervals of 0.0318191047490216 million of years.
> The 125 number of pieces inputted equals to intervals of 0.0254552837992173 million of years.
> The 25 number of pieces inputted equals to intervals of 0.127276418996086 million of years.
> The 50 number of pieces inputted equals to intervals of 0.0636382094980432 million of years.
> The 75 number of pieces inputted equals to intervals of 0.0424254729986954 million of years.
> The 100 number of pieces inputted equals to intervals of 0.0318191047490216 million of years.
> The 125 number of pieces inputted equals to intervals of 0.0254552837992173 million of years.
> The 25 number of pieces inputted equals to intervals of 0.127276418996086 million of years.
> The 50 number of pieces inputted equals to intervals of 0.0636382094980432 million of years.
> The 75 number of pieces inputted equals to intervals of 0.0424254729986954 million of years.
> The 100 number of pieces inputted equals to intervals of 0.0318191047490216 million of years.
> The 125 number of pieces inputted equals to intervals of 0.0254552837992173 million of years.
> The 25 number of pieces inputted equals to intervals of 0.0479936773258837 million of years.
> The 50 number of pieces inputted equals to intervals of 0.0239968386629418 million of years.
> The 75 number of pieces inputted equals to intervals of 0.0159978924419612 million of years.
> The 100 number of pieces inputted equals to intervals of 0.0119984193314709 million of years.
> The 125 number of pieces inputted equals to intervals of 0.00959873546517674 million of years.
> The 25 number of pieces inputted equals to intervals of 0.0479936773258837 million of years.
> The 50 number of pieces inputted equals to intervals of 0.0239968386629418 million of years.
> The 75 number of pieces inputted equals to intervals of 0.0159978924419612 million of years.
> The 100 number of pieces inputted equals to intervals of 0.0119984193314709 million of years.
> The 125 number of pieces inputted equals to intervals of 0.00959873546517674 million of years.
> The 25 number of pieces inputted equals to intervals of 0.0479936773258837 million of years.
> The 50 number of pieces inputted equals to intervals of 0.0239968386629418 million of years.
> The 75 number of pieces inputted equals to intervals of 0.0159978924419612 million of years.
> The 100 number of pieces inputted equals to intervals of 0.0119984193314709 million of years.
> The 125 number of pieces inputted equals to intervals of 0.00959873546517674 million of years.
> The 25 number of pieces inputted equals to intervals of 0.0479936773258837 million of years.
> The 50 number of pieces inputted equals to intervals of 0.0239968386629418 million of years.
> The 75 number of pieces inputted equals to intervals of 0.0159978924419612 million of years.
> The 100 number of pieces inputted equals to intervals of 0.0119984193314709 million of years.
> The 125 number of pieces inputted equals to intervals of 0.00959873546517674 million of years.
> The 25 number of pieces inputted equals to intervals of 0.15692559115609 million of years.
> The 50 number of pieces inputted equals to intervals of 0.0784627955780448 million of years.
> The 75 number of pieces inputted equals to intervals of 0.0523085303853632 million of years.
> The 100 number of pieces inputted equals to intervals of 0.0392313977890224 million of years.
> The 125 number of pieces inputted equals to intervals of 0.0313851182312179 million of years.
> The 25 number of pieces inputted equals to intervals of 0.15692559115609 million of years.
> The 50 number of pieces inputted equals to intervals of 0.0784627955780448 million of years.
> The 75 number of pieces inputted equals to intervals of 0.0523085303853632 million of years.
> The 100 number of pieces inputted equals to intervals of 0.0392313977890224 million of years.
> The 125 number of pieces inputted equals to intervals of 0.0313851182312179 million of years.
> The 25 number of pieces inputted equals to intervals of 0.15692559115609 million of years.
> The 50 number of pieces inputted equals to intervals of 0.0784627955780448 million of years.
> The 75 number of pieces inputted equals to intervals of 0.0523085303853632 million of years.
> The 100 number of pieces inputted equals to intervals of 0.0392313977890224 million of years.
> The 125 number of pieces inputted equals to intervals of 0.0313851182312179 million of years.
> The 25 number of pieces inputted equals to intervals of 0.15692559115609 million of years.
> The 50 number of pieces inputted equals to intervals of 0.0784627955780448 million of years.
> The 75 number of pieces inputted equals to intervals of 0.0523085303853632 million of years.
> The 100 number of pieces inputted equals to intervals of 0.0392313977890224 million of years.
> The 125 number of pieces inputted equals to intervals of 0.0313851182312179 million of years.
> The 25 number of pieces inputted equals to intervals of 0.0308702450291782 million of years.
> The 50 number of pieces inputted equals to intervals of 0.0154351225145891 million of years.
> The 75 number of pieces inputted equals to intervals of 0.0102900816763927 million of years.
> The 100 number of pieces inputted equals to intervals of 0.00771756125729455 million of years.
> The 125 number of pieces inputted equals to intervals of 0.00617404900583564 million of years.
> The 25 number of pieces inputted equals to intervals of 0.0308702450291782 million of years.
> The 50 number of pieces inputted equals to intervals of 0.0154351225145891 million of years.
> The 75 number of pieces inputted equals to intervals of 0.0102900816763927 million of years.
> The 100 number of pieces inputted equals to intervals of 0.00771756125729455 million of years.
> The 125 number of pieces inputted equals to intervals of 0.00617404900583564 million of years.
> The 25 number of pieces inputted equals to intervals of 0.0308702450291782 million of years.
> The 50 number of pieces inputted equals to intervals of 0.0154351225145891 million of years.
> The 75 number of pieces inputted equals to intervals of 0.0102900816763927 million of years.
> The 100 number of pieces inputted equals to intervals of 0.00771756125729455 million of years.
> The 125 number of pieces inputted equals to intervals of 0.00617404900583564 million of years.
> The 25 number of pieces inputted equals to intervals of 0.0308702450291782 million of years.
> The 50 number of pieces inputted equals to intervals of 0.0154351225145891 million of years.
> The 75 number of pieces inputted equals to intervals of 0.0102900816763927 million of years.
> The 100 number of pieces inputted equals to intervals of 0.00771756125729455 million of years.
> The 125 number of pieces inputted equals to intervals of 0.00617404900583564 million of years.
> The 25 number of pieces inputted equals to intervals of 0.0487933918113072 million of years.
> The 50 number of pieces inputted equals to intervals of 0.0243966959056536 million of years.
> The 75 number of pieces inputted equals to intervals of 0.0162644639371024 million of years.
> The 100 number of pieces inputted equals to intervals of 0.0121983479528268 million of years.
> The 125 number of pieces inputted equals to intervals of 0.00975867836226144 million of years.
> The 25 number of pieces inputted equals to intervals of 0.0487933918113072 million of years.
> The 50 number of pieces inputted equals to intervals of 0.0243966959056536 million of years.
> The 75 number of pieces inputted equals to intervals of 0.0162644639371024 million of years.
> The 100 number of pieces inputted equals to intervals of 0.0121983479528268 million of years.
> The 125 number of pieces inputted equals to intervals of 0.00975867836226144 million of years.
> The 25 number of pieces inputted equals to intervals of 0.0487933918113072 million of years.
> The 50 number of pieces inputted equals to intervals of 0.0243966959056536 million of years.
> The 75 number of pieces inputted equals to intervals of 0.0162644639371024 million of years.
> The 100 number of pieces inputted equals to intervals of 0.0121983479528268 million of years.
> The 125 number of pieces inputted equals to intervals of 0.00975867836226144 million of years.
> The 25 number of pieces inputted equals to intervals of 0.0487933918113072 million of years.
> The 50 number of pieces inputted equals to intervals of 0.0243966959056536 million of years.
> The 75 number of pieces inputted equals to intervals of 0.0162644639371024 million of years.
> The 100 number of pieces inputted equals to intervals of 0.0121983479528268 million of years.
> The 125 number of pieces inputted equals to intervals of 0.00975867836226144 million of years.
> The 25 number of pieces inputted equals to intervals of 0.0472133023206459 million of years.
> The 50 number of pieces inputted equals to intervals of 0.0236066511603229 million of years.
> The 75 number of pieces inputted equals to intervals of 0.0157377674402153 million of years.
> The 100 number of pieces inputted equals to intervals of 0.0118033255801615 million of years.
> The 125 number of pieces inputted equals to intervals of 0.00944266046412918 million of years.
> The 25 number of pieces inputted equals to intervals of 0.0472133023206459 million of years.
> The 50 number of pieces inputted equals to intervals of 0.0236066511603229 million of years.
> The 75 number of pieces inputted equals to intervals of 0.0157377674402153 million of years.
> The 100 number of pieces inputted equals to intervals of 0.0118033255801615 million of years.
> The 125 number of pieces inputted equals to intervals of 0.00944266046412917 million of years.
> The 25 number of pieces inputted equals to intervals of 0.0472133023206459 million of years.
> The 50 number of pieces inputted equals to intervals of 0.0236066511603229 million of years.
> The 75 number of pieces inputted equals to intervals of 0.0157377674402153 million of years.
> The 100 number of pieces inputted equals to intervals of 0.0118033255801615 million of years.
> The 125 number of pieces inputted equals to intervals of 0.00944266046412918 million of years.
> The 25 number of pieces inputted equals to intervals of 0.0472133023206459 million of years.
> The 50 number of pieces inputted equals to intervals of 0.0236066511603229 million of years.
> The 75 number of pieces inputted equals to intervals of 0.0157377674402153 million of years.
> The 100 number of pieces inputted equals to intervals of 0.0118033255801615 million of years.
> The 125 number of pieces inputted equals to intervals of 0.00944266046412918 million of years.
> The 25 number of pieces inputted equals to intervals of 0.034613038871881 million of years.
> The 50 number of pieces inputted equals to intervals of 0.0173065194359405 million of years.
> The 75 number of pieces inputted equals to intervals of 0.0115376796239603 million of years.
> The 100 number of pieces inputted equals to intervals of 0.00865325971797025 million of years.
> The 125 number of pieces inputted equals to intervals of 0.0069226077743762 million of years.
> The 25 number of pieces inputted equals to intervals of 0.034613038871881 million of years.
> The 50 number of pieces inputted equals to intervals of 0.0173065194359405 million of years.
> The 75 number of pieces inputted equals to intervals of 0.0115376796239603 million of years.
> The 100 number of pieces inputted equals to intervals of 0.00865325971797025 million of years.
> The 125 number of pieces inputted equals to intervals of 0.0069226077743762 million of years.
> The 25 number of pieces inputted equals to intervals of 0.034613038871881 million of years.
> The 50 number of pieces inputted equals to intervals of 0.0173065194359405 million of years.
> The 75 number of pieces inputted equals to intervals of 0.0115376796239603 million of years.
> The 100 number of pieces inputted equals to intervals of 0.00865325971797025 million of years.
> The 125 number of pieces inputted equals to intervals of 0.0069226077743762 million of years.
> The 25 number of pieces inputted equals to intervals of 0.034613038871881 million of years.
> The 50 number of pieces inputted equals to intervals of 0.0173065194359405 million of years.
> The 75 number of pieces inputted equals to intervals of 0.0115376796239603 million of years.
> The 100 number of pieces inputted equals to intervals of 0.00865325971797025 million of years.
> The 125 number of pieces inputted equals to intervals of 0.0069226077743762 million of years.
> The 25 number of pieces inputted equals to intervals of 0.035052138718139 million of years.
> The 50 number of pieces inputted equals to intervals of 0.0175260693590695 million of years.
> The 75 number of pieces inputted equals to intervals of 0.0116840462393797 million of years.
> The 100 number of pieces inputted equals to intervals of 0.00876303467953474 million of years.
> The 125 number of pieces inputted equals to intervals of 0.0070104277436278 million of years.
> The 25 number of pieces inputted equals to intervals of 0.035052138718139 million of years.
> The 50 number of pieces inputted equals to intervals of 0.0175260693590695 million of years.
> The 75 number of pieces inputted equals to intervals of 0.0116840462393797 million of years.
> The 100 number of pieces inputted equals to intervals of 0.00876303467953474 million of years.
> The 125 number of pieces inputted equals to intervals of 0.0070104277436278 million of years.
> The 25 number of pieces inputted equals to intervals of 0.035052138718139 million of years.
> The 50 number of pieces inputted equals to intervals of 0.0175260693590695 million of years.
> The 75 number of pieces inputted equals to intervals of 0.0116840462393797 million of years.
> The 100 number of pieces inputted equals to intervals of 0.00876303467953474 million of years.
> The 125 number of pieces inputted equals to intervals of 0.0070104277436278 million of years.
> The 25 number of pieces inputted equals to intervals of 0.035052138718139 million of years.
> The 50 number of pieces inputted equals to intervals of 0.0175260693590695 million of years.
> The 75 number of pieces inputted equals to intervals of 0.0116840462393797 million of years.
> The 100 number of pieces inputted equals to intervals of 0.00876303467953474 million of years.
> The 125 number of pieces inputted equals to intervals of 0.0070104277436278 million of years.
> The 25 number of pieces inputted equals to intervals of 0.0529175521845945 million of years.
> The 50 number of pieces inputted equals to intervals of 0.0264587760922973 million of years.
> The 75 number of pieces inputted equals to intervals of 0.0176391840615315 million of years.
> The 100 number of pieces inputted equals to intervals of 0.0132293880461486 million of years.
> The 125 number of pieces inputted equals to intervals of 0.0105835104369189 million of years.
> The 25 number of pieces inputted equals to intervals of 0.0529175521845945 million of years.
> The 50 number of pieces inputted equals to intervals of 0.0264587760922973 million of years.
> The 75 number of pieces inputted equals to intervals of 0.0176391840615315 million of years.
> The 100 number of pieces inputted equals to intervals of 0.0132293880461486 million of years.
> The 125 number of pieces inputted equals to intervals of 0.0105835104369189 million of years.
> The 25 number of pieces inputted equals to intervals of 0.0529175521845945 million of years.
> The 50 number of pieces inputted equals to intervals of 0.0264587760922973 million of years.
> The 75 number of pieces inputted equals to intervals of 0.0176391840615315 million of years.
> The 100 number of pieces inputted equals to intervals of 0.0132293880461486 million of years.
> The 125 number of pieces inputted equals to intervals of 0.0105835104369189 million of years.
> The 25 number of pieces inputted equals to intervals of 0.0529175521845945 million of years.
> The 50 number of pieces inputted equals to intervals of 0.0264587760922973 million of years.
> The 75 number of pieces inputted equals to intervals of 0.0176391840615315 million of years.
> The 100 number of pieces inputted equals to intervals of 0.0132293880461486 million of years.
> The 125 number of pieces inputted equals to intervals of 0.0105835104369189 million of years.
> The 25 number of pieces inputted equals to intervals of 0.0394536849578602 million of years.
> The 50 number of pieces inputted equals to intervals of 0.0197268424789301 million of years.
> The 75 number of pieces inputted equals to intervals of 0.0131512283192867 million of years.
> The 100 number of pieces inputted equals to intervals of 0.00986342123946506 million of years.
> The 125 number of pieces inputted equals to intervals of 0.00789073699157205 million of years.
> The 25 number of pieces inputted equals to intervals of 0.0394536849578602 million of years.
> The 50 number of pieces inputted equals to intervals of 0.0197268424789301 million of years.
> The 75 number of pieces inputted equals to intervals of 0.0131512283192867 million of years.
> The 100 number of pieces inputted equals to intervals of 0.00986342123946506 million of years.
> The 125 number of pieces inputted equals to intervals of 0.00789073699157205 million of years.
> The 25 number of pieces inputted equals to intervals of 0.0394536849578602 million of years.
> The 50 number of pieces inputted equals to intervals of 0.0197268424789301 million of years.
> The 75 number of pieces inputted equals to intervals of 0.0131512283192867 million of years.
> The 100 number of pieces inputted equals to intervals of 0.00986342123946506 million of years.
> The 125 number of pieces inputted equals to intervals of 0.00789073699157205 million of years.
> The 25 number of pieces inputted equals to intervals of 0.0394536849578602 million of years.
> The 50 number of pieces inputted equals to intervals of 0.0197268424789301 million of years.
> The 75 number of pieces inputted equals to intervals of 0.0131512283192867 million of years.
> The 100 number of pieces inputted equals to intervals of 0.00986342123946506 million of years.
> The 125 number of pieces inputted equals to intervals of 0.00789073699157205 million of years.
> The 25 number of pieces inputted equals to intervals of 0.0223851392074323 million of years.
> The 50 number of pieces inputted equals to intervals of 0.0111925696037161 million of years.
> The 75 number of pieces inputted equals to intervals of 0.00746171306914409 million of years.
> The 100 number of pieces inputted equals to intervals of 0.00559628480185807 million of years.
> The 125 number of pieces inputted equals to intervals of 0.00447702784148645 million of years.
> The 25 number of pieces inputted equals to intervals of 0.0223851392074323 million of years.
> The 50 number of pieces inputted equals to intervals of 0.0111925696037161 million of years.
> The 75 number of pieces inputted equals to intervals of 0.00746171306914409 million of years.
> The 100 number of pieces inputted equals to intervals of 0.00559628480185807 million of years.
> The 125 number of pieces inputted equals to intervals of 0.00447702784148645 million of years.
> The 25 number of pieces inputted equals to intervals of 0.0223851392074323 million of years.
> The 50 number of pieces inputted equals to intervals of 0.0111925696037161 million of years.
> The 75 number of pieces inputted equals to intervals of 0.00746171306914409 million of years.
> The 100 number of pieces inputted equals to intervals of 0.00559628480185807 million of years.
> The 125 number of pieces inputted equals to intervals of 0.00447702784148645 million of years.
> The 25 number of pieces inputted equals to intervals of 0.0223851392074323 million of years.
> The 50 number of pieces inputted equals to intervals of 0.0111925696037161 million of years.
> The 75 number of pieces inputted equals to intervals of 0.00746171306914409 million of years.
> The 100 number of pieces inputted equals to intervals of 0.00559628480185807 million of years.
> The 125 number of pieces inputted equals to intervals of 0.00447702784148645 million of years.
> The 25 number of pieces inputted equals to intervals of 0.0333448464485508 million of years.
> The 50 number of pieces inputted equals to intervals of 0.0166724232242754 million of years.
> The 75 number of pieces inputted equals to intervals of 0.0111149488161836 million of years.
> The 100 number of pieces inputted equals to intervals of 0.00833621161213771 million of years.
> The 125 number of pieces inputted equals to intervals of 0.00666896928971017 million of years.
> The 25 number of pieces inputted equals to intervals of 0.0333448464485508 million of years.
> The 50 number of pieces inputted equals to intervals of 0.0166724232242754 million of years.
> The 75 number of pieces inputted equals to intervals of 0.0111149488161836 million of years.
> The 100 number of pieces inputted equals to intervals of 0.00833621161213771 million of years.
> The 125 number of pieces inputted equals to intervals of 0.00666896928971017 million of years.
> The 25 number of pieces inputted equals to intervals of 0.0333448464485508 million of years.
> The 50 number of pieces inputted equals to intervals of 0.0166724232242754 million of years.
> The 75 number of pieces inputted equals to intervals of 0.0111149488161836 million of years.
> The 100 number of pieces inputted equals to intervals of 0.00833621161213771 million of years.
> The 125 number of pieces inputted equals to intervals of 0.00666896928971017 million of years.
> The 25 number of pieces inputted equals to intervals of 0.0333448464485508 million of years.
> The 50 number of pieces inputted equals to intervals of 0.0166724232242754 million of years.
> The 75 number of pieces inputted equals to intervals of 0.0111149488161836 million of years.
> The 100 number of pieces inputted equals to intervals of 0.00833621161213771 million of years.
> The 125 number of pieces inputted equals to intervals of 0.00666896928971017 million of years.
> The 25 number of pieces inputted equals to intervals of 0.090758835650581 million of years.
> The 50 number of pieces inputted equals to intervals of 0.0453794178252905 million of years.
> The 75 number of pieces inputted equals to intervals of 0.0302529452168603 million of years.
> The 100 number of pieces inputted equals to intervals of 0.0226897089126453 million of years.
> The 125 number of pieces inputted equals to intervals of 0.0181517671301162 million of years.
> The 25 number of pieces inputted equals to intervals of 0.090758835650581 million of years.
> The 50 number of pieces inputted equals to intervals of 0.0453794178252905 million of years.
> The 75 number of pieces inputted equals to intervals of 0.0302529452168603 million of years.
> The 100 number of pieces inputted equals to intervals of 0.0226897089126453 million of years.
> The 125 number of pieces inputted equals to intervals of 0.0181517671301162 million of years.
> The 25 number of pieces inputted equals to intervals of 0.090758835650581 million of years.
> The 50 number of pieces inputted equals to intervals of 0.0453794178252905 million of years.
> The 75 number of pieces inputted equals to intervals of 0.0302529452168603 million of years.
> The 100 number of pieces inputted equals to intervals of 0.0226897089126453 million of years.
> The 125 number of pieces inputted equals to intervals of 0.0181517671301162 million of years.
> The 25 number of pieces inputted equals to intervals of 0.090758835650581 million of years.
> The 50 number of pieces inputted equals to intervals of 0.0453794178252905 million of years.
> The 75 number of pieces inputted equals to intervals of 0.0302529452168603 million of years.
> The 100 number of pieces inputted equals to intervals of 0.0226897089126453 million of years.
> The 125 number of pieces inputted equals to intervals of 0.0181517671301162 million of years.
> The 25 number of pieces inputted equals to intervals of 0.0447156094399298 million of years.
> The 50 number of pieces inputted equals to intervals of 0.0223578047199649 million of years.
> The 75 number of pieces inputted equals to intervals of 0.0149052031466433 million of years.
> The 100 number of pieces inputted equals to intervals of 0.0111789023599824 million of years.
> The 125 number of pieces inputted equals to intervals of 0.00894312188798595 million of years.
> The 25 number of pieces inputted equals to intervals of 0.0447156094399298 million of years.
> The 50 number of pieces inputted equals to intervals of 0.0223578047199649 million of years.
> The 75 number of pieces inputted equals to intervals of 0.0149052031466433 million of years.
> The 100 number of pieces inputted equals to intervals of 0.0111789023599824 million of years.
> The 125 number of pieces inputted equals to intervals of 0.00894312188798595 million of years.
> The 25 number of pieces inputted equals to intervals of 0.0447156094399298 million of years.
> The 50 number of pieces inputted equals to intervals of 0.0223578047199649 million of years.
> The 75 number of pieces inputted equals to intervals of 0.0149052031466433 million of years.
> The 100 number of pieces inputted equals to intervals of 0.0111789023599824 million of years.
> The 125 number of pieces inputted equals to intervals of 0.00894312188798595 million of years.
> The 25 number of pieces inputted equals to intervals of 0.0447156094399298 million of years.
> The 50 number of pieces inputted equals to intervals of 0.0223578047199649 million of years.
> The 75 number of pieces inputted equals to intervals of 0.0149052031466433 million of years.
> The 100 number of pieces inputted equals to intervals of 0.0111789023599824 million of years.
> The 125 number of pieces inputted equals to intervals of 0.00894312188798595 million of years.
> The 25 number of pieces inputted equals to intervals of 0.0545677332117157 million of years.
> The 50 number of pieces inputted equals to intervals of 0.0272838666058578 million of years.
> The 75 number of pieces inputted equals to intervals of 0.0181892444039052 million of years.
> The 100 number of pieces inputted equals to intervals of 0.0136419333029289 million of years.
> The 125 number of pieces inputted equals to intervals of 0.0109135466423431 million of years.
> The 25 number of pieces inputted equals to intervals of 0.0545677332117157 million of years.
> The 50 number of pieces inputted equals to intervals of 0.0272838666058578 million of years.
> The 75 number of pieces inputted equals to intervals of 0.0181892444039052 million of years.
> The 100 number of pieces inputted equals to intervals of 0.0136419333029289 million of years.
> The 125 number of pieces inputted equals to intervals of 0.0109135466423431 million of years.
> The 25 number of pieces inputted equals to intervals of 0.0545677332117157 million of years.
> The 50 number of pieces inputted equals to intervals of 0.0272838666058578 million of years.
> The 75 number of pieces inputted equals to intervals of 0.0181892444039052 million of years.
> The 100 number of pieces inputted equals to intervals of 0.0136419333029289 million of years.
> The 125 number of pieces inputted equals to intervals of 0.0109135466423431 million of years.
> The 25 number of pieces inputted equals to intervals of 0.0545677332117157 million of years.
> The 50 number of pieces inputted equals to intervals of 0.0272838666058578 million of years.
> The 75 number of pieces inputted equals to intervals of 0.0181892444039052 million of years.
> The 100 number of pieces inputted equals to intervals of 0.0136419333029289 million of years.
> The 125 number of pieces inputted equals to intervals of 0.0109135466423431 million of years.
> The 25 number of pieces inputted equals to intervals of 0.0851758159607002 million of years.
> The 50 number of pieces inputted equals to intervals of 0.0425879079803501 million of years.
> The 75 number of pieces inputted equals to intervals of 0.0283919386535667 million of years.
> The 100 number of pieces inputted equals to intervals of 0.021293953990175 million of years.
> The 125 number of pieces inputted equals to intervals of 0.01703516319214 million of years.
> The 25 number of pieces inputted equals to intervals of 0.0851758159607002 million of years.
> The 50 number of pieces inputted equals to intervals of 0.0425879079803501 million of years.
> The 75 number of pieces inputted equals to intervals of 0.0283919386535667 million of years.
> The 100 number of pieces inputted equals to intervals of 0.021293953990175 million of years.
> The 125 number of pieces inputted equals to intervals of 0.01703516319214 million of years.
> The 25 number of pieces inputted equals to intervals of 0.0851758159607002 million of years.
> The 50 number of pieces inputted equals to intervals of 0.0425879079803501 million of years.
> The 75 number of pieces inputted equals to intervals of 0.0283919386535667 million of years.
> The 100 number of pieces inputted equals to intervals of 0.021293953990175 million of years.
> The 125 number of pieces inputted equals to intervals of 0.01703516319214 million of years.
> The 25 number of pieces inputted equals to intervals of 0.0851758159607002 million of years.
> The 50 number of pieces inputted equals to intervals of 0.0425879079803501 million of years.
> The 75 number of pieces inputted equals to intervals of 0.0283919386535667 million of years.
> The 100 number of pieces inputted equals to intervals of 0.021293953990175 million of years.
> The 125 number of pieces inputted equals to intervals of 0.01703516319214 million of years.
> The 25 number of pieces inputted equals to intervals of 0.0465704577044141 million of years.
> The 50 number of pieces inputted equals to intervals of 0.023285228852207 million of years.
> The 75 number of pieces inputted equals to intervals of 0.0155234859014714 million of years.
> The 100 number of pieces inputted equals to intervals of 0.0116426144261035 million of years.
> The 125 number of pieces inputted equals to intervals of 0.00931409154088282 million of years.
> The 25 number of pieces inputted equals to intervals of 0.0465704577044141 million of years.
> The 50 number of pieces inputted equals to intervals of 0.023285228852207 million of years.
> The 75 number of pieces inputted equals to intervals of 0.0155234859014714 million of years.
> The 100 number of pieces inputted equals to intervals of 0.0116426144261035 million of years.
> The 125 number of pieces inputted equals to intervals of 0.00931409154088282 million of years.
> The 25 number of pieces inputted equals to intervals of 0.0465704577044141 million of years.
> The 50 number of pieces inputted equals to intervals of 0.023285228852207 million of years.
> The 75 number of pieces inputted equals to intervals of 0.0155234859014714 million of years.
> The 100 number of pieces inputted equals to intervals of 0.0116426144261035 million of years.
> The 125 number of pieces inputted equals to intervals of 0.00931409154088282 million of years.
> The 25 number of pieces inputted equals to intervals of 0.0465704577044141 million of years.
> The 50 number of pieces inputted equals to intervals of 0.023285228852207 million of years.
> The 75 number of pieces inputted equals to intervals of 0.0155234859014714 million of years.
> The 100 number of pieces inputted equals to intervals of 0.0116426144261035 million of years.
> The 125 number of pieces inputted equals to intervals of 0.00931409154088282 million of years.
> The 10 number of pieces inputted equals to intervals of 0.187121126528386 million of years.
> The 25 number of pieces inputted equals to intervals of 0.0748484506113545 million of years.
> The 50 number of pieces inputted equals to intervals of 0.0374242253056772 million of years.
> The 75 number of pieces inputted equals to intervals of 0.0249494835371182 million of years.
> The 100 number of pieces inputted equals to intervals of 0.0187121126528386 million of years.
> The 10 number of pieces inputted equals to intervals of 0.15465548920877 million of years.
> The 25 number of pieces inputted equals to intervals of 0.0618621956835081 million of years.
> The 50 number of pieces inputted equals to intervals of 0.0309310978417541 million of years.
> The 75 number of pieces inputted equals to intervals of 0.0206207318945027 million of years.
> The 100 number of pieces inputted equals to intervals of 0.015465548920877 million of years.
> The 10 number of pieces inputted equals to intervals of 0.269326371450991 million of years.
> The 25 number of pieces inputted equals to intervals of 0.107730548580396 million of years.
> The 50 number of pieces inputted equals to intervals of 0.0538652742901982 million of years.
> The 75 number of pieces inputted equals to intervals of 0.0359101828601321 million of years.
> The 100 number of pieces inputted equals to intervals of 0.0269326371450991 million of years.
> The 10 number of pieces inputted equals to intervals of 0.168140098928825 million of years.
> The 25 number of pieces inputted equals to intervals of 0.0672560395715298 million of years.
> The 50 number of pieces inputted equals to intervals of 0.0336280197857649 million of years.
> The 75 number of pieces inputted equals to intervals of 0.0224186798571766 million of years.
> The 100 number of pieces inputted equals to intervals of 0.0168140098928825 million of years.
> The 10 number of pieces inputted equals to intervals of 0.133346603014263 million of years.
> The 25 number of pieces inputted equals to intervals of 0.0533386412057051 million of years.
> The 50 number of pieces inputted equals to intervals of 0.0266693206028525 million of years.
> The 75 number of pieces inputted equals to intervals of 0.0177795470685684 million of years.
> The 100 number of pieces inputted equals to intervals of 0.0133346603014263 million of years.
> The 10 number of pieces inputted equals to intervals of 0.182228681541553 million of years.
> The 25 number of pieces inputted equals to intervals of 0.0728914726166212 million of years.
> The 50 number of pieces inputted equals to intervals of 0.0364457363083106 million of years.
> The 75 number of pieces inputted equals to intervals of 0.0242971575388737 million of years.
> The 100 number of pieces inputted equals to intervals of 0.0182228681541553 million of years.
> The 10 number of pieces inputted equals to intervals of 0.150342121780484 million of years.
> The 25 number of pieces inputted equals to intervals of 0.0601368487121934 million of years.
> The 50 number of pieces inputted equals to intervals of 0.0300684243560967 million of years.
> The 75 number of pieces inputted equals to intervals of 0.0200456162373978 million of years.
> The 100 number of pieces inputted equals to intervals of 0.0150342121780484 million of years.
> The 10 number of pieces inputted equals to intervals of 0.209437201684719 million of years.
> The 25 number of pieces inputted equals to intervals of 0.0837748806738875 million of years.
> The 50 number of pieces inputted equals to intervals of 0.0418874403369437 million of years.
> The 75 number of pieces inputted equals to intervals of 0.0279249602246292 million of years.
> The 100 number of pieces inputted equals to intervals of 0.0209437201684719 million of years.
> The 10 number of pieces inputted equals to intervals of 0.186000667989716 million of years.
> The 25 number of pieces inputted equals to intervals of 0.0744002671958863 million of years.
> The 50 number of pieces inputted equals to intervals of 0.0372001335979432 million of years.
> The 75 number of pieces inputted equals to intervals of 0.0248000890652954 million of years.
> The 100 number of pieces inputted equals to intervals of 0.0186000667989716 million of years.
> The 10 number of pieces inputted equals to intervals of 0.424998155955814 million of years.
> The 25 number of pieces inputted equals to intervals of 0.169999262382326 million of years.
> The 50 number of pieces inputted equals to intervals of 0.0849996311911628 million of years.
> The 75 number of pieces inputted equals to intervals of 0.0566664207941086 million of years.
> The 100 number of pieces inputted equals to intervals of 0.0424998155955814 million of years.
> The 10 number of pieces inputted equals to intervals of 0.36372038417433 million of years.
> The 25 number of pieces inputted equals to intervals of 0.145488153669732 million of years.
> The 50 number of pieces inputted equals to intervals of 0.0727440768348661 million of years.
> The 75 number of pieces inputted equals to intervals of 0.0484960512232441 million of years.
> The 100 number of pieces inputted equals to intervals of 0.036372038417433 million of years.
> The 10 number of pieces inputted equals to intervals of 0.182570442859434 million of years.
> The 25 number of pieces inputted equals to intervals of 0.0730281771437735 million of years.
> The 50 number of pieces inputted equals to intervals of 0.0365140885718868 million of years.
> The 75 number of pieces inputted equals to intervals of 0.0243427257145912 million of years.
> The 100 number of pieces inputted equals to intervals of 0.0182570442859434 million of years.
> The 10 number of pieces inputted equals to intervals of 0.251056796008041 million of years.
> The 25 number of pieces inputted equals to intervals of 0.100422718403216 million of years.
> The 50 number of pieces inputted equals to intervals of 0.0502113592016082 million of years.
> The 75 number of pieces inputted equals to intervals of 0.0334742394677388 million of years.
> The 100 number of pieces inputted equals to intervals of 0.0251056796008041 million of years.
> The 10 number of pieces inputted equals to intervals of 0.118802366659634 million of years.
> The 25 number of pieces inputted equals to intervals of 0.0475209466638537 million of years.
> The 50 number of pieces inputted equals to intervals of 0.0237604733319268 million of years.
> The 75 number of pieces inputted equals to intervals of 0.0158403155546179 million of years.
> The 100 number of pieces inputted equals to intervals of 0.0118802366659634 million of years.
> The 10 number of pieces inputted equals to intervals of 0.105024164085076 million of years.
> The 25 number of pieces inputted equals to intervals of 0.0420096656340304 million of years.
> The 50 number of pieces inputted equals to intervals of 0.0210048328170152 million of years.
> The 75 number of pieces inputted equals to intervals of 0.0140032218780101 million of years.
> The 100 number of pieces inputted equals to intervals of 0.0105024164085076 million of years.
> The 10 number of pieces inputted equals to intervals of 0.165692305847991 million of years.
> The 25 number of pieces inputted equals to intervals of 0.0662769223391964 million of years.
> The 50 number of pieces inputted equals to intervals of 0.0331384611695982 million of years.
> The 75 number of pieces inputted equals to intervals of 0.0220923074463988 million of years.
> The 100 number of pieces inputted equals to intervals of 0.0165692305847991 million of years.
> The 10 number of pieces inputted equals to intervals of 0.308333449159667 million of years.
> The 25 number of pieces inputted equals to intervals of 0.123333379663867 million of years.
> The 50 number of pieces inputted equals to intervals of 0.0616666898319334 million of years.
> The 75 number of pieces inputted equals to intervals of 0.0411111265546222 million of years.
> The 100 number of pieces inputted equals to intervals of 0.0308333449159667 million of years.
> The 10 number of pieces inputted equals to intervals of 0.12903139655796 million of years.
> The 25 number of pieces inputted equals to intervals of 0.051612558623184 million of years.
> The 50 number of pieces inputted equals to intervals of 0.025806279311592 million of years.
> The 75 number of pieces inputted equals to intervals of 0.017204186207728 million of years.
> The 100 number of pieces inputted equals to intervals of 0.012903139655796 million of years.
> The 10 number of pieces inputted equals to intervals of 0.518177133409663 million of years.
> The 25 number of pieces inputted equals to intervals of 0.207270853363865 million of years.
> The 50 number of pieces inputted equals to intervals of 0.103635426681933 million of years.
> The 75 number of pieces inputted equals to intervals of 0.0690902844546218 million of years.
> The 100 number of pieces inputted equals to intervals of 0.0518177133409663 million of years.
> The 10 number of pieces inputted equals to intervals of 0.394261878346862 million of years.
> The 25 number of pieces inputted equals to intervals of 0.157704751338745 million of years.
> The 50 number of pieces inputted equals to intervals of 0.0788523756693724 million of years.
> The 75 number of pieces inputted equals to intervals of 0.0525682504462483 million of years.
> The 100 number of pieces inputted equals to intervals of 0.0394261878346862 million of years.
> The 42 number of pieces inputted equals to intervals of 0.0344484461106207 million of years.
> The 45 number of pieces inputted equals to intervals of 0.0289131978177709 million of years.
> The 18 number of pieces inputted equals to intervals of 0.0339696697293061 million of years.
> The 35 number of pieces inputted equals to intervals of 0.0868629277405939 million of years.
> The 14 number of pieces inputted equals to intervals of 0.0575770869944051 million of years.
> The 34 number of pieces inputted equals to intervals of 0.0423495104425371 million of years.
> The 25 number of pieces inputted equals to intervals of 0.0412306515692841 million of years.
> The 47 number of pieces inputted equals to intervals of 0.0441829072124903 million of years.
> The 50 number of pieces inputted equals to intervals of 0.0213312504872239 million of years.
> The 48 number of pieces inputted equals to intervals of 0.0178454043823295 million of years.
> The 4 number of pieces inputted equals to intervals of 0.695874832131237 million of years.
> The 33 number of pieces inputted equals to intervals of 0.0325672939173857 million of years.
> The 12 number of pieces inputted equals to intervals of 0.158648699679479 million of years.
> The 38 number of pieces inputted equals to intervals of 0.0288295727046769 million of years.
> The 16 number of pieces inputted equals to intervals of 0.255892458211269 million of years.
> The 27 number of pieces inputted equals to intervals of 0.106132530082121 million of years.
> The 37 number of pieces inputted equals to intervals of 0.0634609237637993 million of years.
> The 39 number of pieces inputted equals to intervals of 0.0348076108358426 million of years.
> The 49 number of pieces inputted equals to intervals of 0.0195262342453415 million of years.
> The 46 number of pieces inputted equals to intervals of 0.0378170922600971 million of years.
> The 5 number of pieces inputted equals to intervals of 0.265510317786165 million of years.
> The 5 number of pieces inputted equals to intervals of 0.265510317786165 million of years.
> The 5 number of pieces inputted equals to intervals of 0.265510317786165 million of years.
> The 5 number of pieces inputted equals to intervals of 0.265510317786165 million of years.
> The 5 number of pieces inputted equals to intervals of 0.555290839885151 million of years.
> The 5 number of pieces inputted equals to intervals of 0.555290839885151 million of years.
> The 5 number of pieces inputted equals to intervals of 0.555290839885151 million of years.
> The 5 number of pieces inputted equals to intervals of 0.555290839885151 million of years.
> The 15 number of pieces inputted equals to intervals of 0.0475287464289395 million of years.
> The 15 number of pieces inputted equals to intervals of 0.0475287464289395 million of years.
> The 15 number of pieces inputted equals to intervals of 0.0475287464289395 million of years.
> The 15 number of pieces inputted equals to intervals of 0.0475287464289395 million of years.
> The 10 number of pieces inputted equals to intervals of 0.259441872398472 million of years.
> The 10 number of pieces inputted equals to intervals of 0.259441872398472 million of years.
> The 10 number of pieces inputted equals to intervals of 0.259441872398472 million of years.
> The 10 number of pieces inputted equals to intervals of 0.259441872398472 million of years.
> The 15 number of pieces inputted equals to intervals of 0.0615582113027819 million of years.
> The 15 number of pieces inputted equals to intervals of 0.0615582113027819 million of years.
> The 15 number of pieces inputted equals to intervals of 0.0615582113027819 million of years.
> The 15 number of pieces inputted equals to intervals of 0.0615582113027819 million of years.
> The 13 number of pieces inputted equals to intervals of 0.0747680203758665 million of years.
> The 13 number of pieces inputted equals to intervals of 0.0747680203758665 million of years.
> The 13 number of pieces inputted equals to intervals of 0.0747680203758665 million of years.
> The 13 number of pieces inputted equals to intervals of 0.0747680203758665 million of years.
> The 14 number of pieces inputted equals to intervals of 0.120279069214958 million of years.
> The 14 number of pieces inputted equals to intervals of 0.120279069214958 million of years.
> The 14 number of pieces inputted equals to intervals of 0.120279069214958 million of years.
> The 14 number of pieces inputted equals to intervals of 0.120279069214958 million of years.
> The 10 number of pieces inputted equals to intervals of 0.228454170871089 million of years.
> The 10 number of pieces inputted equals to intervals of 0.228454170871089 million of years.
> The 10 number of pieces inputted equals to intervals of 0.228454170871089 million of years.
> The 10 number of pieces inputted equals to intervals of 0.228454170871089 million of years.
> The 6 number of pieces inputted equals to intervals of 0.231978126832473 million of years.
> The 6 number of pieces inputted equals to intervals of 0.231978126832473 million of years.
> The 6 number of pieces inputted equals to intervals of 0.231978126832473 million of years.
> The 6 number of pieces inputted equals to intervals of 0.231978126832473 million of years.
> The 6 number of pieces inputted equals to intervals of 0.218619528203111 million of years.
> The 6 number of pieces inputted equals to intervals of 0.218619528203111 million of years.
> The 6 number of pieces inputted equals to intervals of 0.218619528203111 million of years.
> The 6 number of pieces inputted equals to intervals of 0.218619528203111 million of years.
> The 5 number of pieces inputted equals to intervals of 0.200071884256357 million of years.
> The 5 number of pieces inputted equals to intervals of 0.200071884256357 million of years.
> The 5 number of pieces inputted equals to intervals of 0.200071884256357 million of years.
> The 5 number of pieces inputted equals to intervals of 0.200071884256357 million of years.
> The 9 number of pieces inputted equals to intervals of 0.23068547508464 million of years.
> The 9 number of pieces inputted equals to intervals of 0.23068547508464 million of years.
> The 9 number of pieces inputted equals to intervals of 0.23068547508464 million of years.
> The 9 number of pieces inputted equals to intervals of 0.23068547508464 million of years.
> The 9 number of pieces inputted equals to intervals of 0.347809487852783 million of years.
> The 9 number of pieces inputted equals to intervals of 0.347809487852783 million of years.
> The 9 number of pieces inputted equals to intervals of 0.347809487852783 million of years.
> The 9 number of pieces inputted equals to intervals of 0.347809487852783 million of years.
> The 11 number of pieces inputted equals to intervals of 0.0787699816844042 million of years.
> The 11 number of pieces inputted equals to intervals of 0.0787699816844042 million of years.
> The 11 number of pieces inputted equals to intervals of 0.0787699816844042 million of years.
> The 11 number of pieces inputted equals to intervals of 0.0787699816844042 million of years.
> The 13 number of pieces inputted equals to intervals of 0.049404704025428 million of years.
> The 13 number of pieces inputted equals to intervals of 0.049404704025428 million of years.
> The 13 number of pieces inputted equals to intervals of 0.049404704025428 million of years.
> The 13 number of pieces inputted equals to intervals of 0.049404704025428 million of years.
> The 15 number of pieces inputted equals to intervals of 0.159285982607248 million of years.
> The 15 number of pieces inputted equals to intervals of 0.159285982607248 million of years.
> The 15 number of pieces inputted equals to intervals of 0.159285982607248 million of years.
> The 15 number of pieces inputted equals to intervals of 0.159285982607248 million of years.
> The 10 number of pieces inputted equals to intervals of 0.312591877013195 million of years.
> The 10 number of pieces inputted equals to intervals of 0.312591877013195 million of years.
> The 10 number of pieces inputted equals to intervals of 0.312591877013195 million of years.
> The 10 number of pieces inputted equals to intervals of 0.312591877013195 million of years.
> The 5 number of pieces inputted equals to intervals of 0.185546337590484 million of years.
> The 5 number of pieces inputted equals to intervals of 0.185546337590484 million of years.
> The 5 number of pieces inputted equals to intervals of 0.185546337590484 million of years.
> The 5 number of pieces inputted equals to intervals of 0.185546337590484 million of years.
> The 5 number of pieces inputted equals to intervals of 0.195929846241634 million of years.
> The 5 number of pieces inputted equals to intervals of 0.195929846241634 million of years.
> The 5 number of pieces inputted equals to intervals of 0.195929846241634 million of years.
> The 5 number of pieces inputted equals to intervals of 0.195929846241634 million of years.
> The 5 number of pieces inputted equals to intervals of 0.713663340896629 million of years.
> The 5 number of pieces inputted equals to intervals of 0.713663340896629 million of years.
> The 5 number of pieces inputted equals to intervals of 0.713663340896629 million of years.
> The 5 number of pieces inputted equals to intervals of 0.713663340896629 million of years.
[ FAIL 1 | WARN 0 | SKIP 0 | PASS 1744 ]
══ Failed tests ════════════════════════════════════════════════════════════════
── Error ('test-CpB.R:34:5'): CpB returns the expected data frame size using any beta component ──
Error in `{
if (nrow(commu) >= 2 & ncol(commu) >= 2 & all(commu == 1) ==
FALSE & all(commu == 0) == FALSE) {
comb_commus <- t(apply(utils::combn(nrow(commu), 2),
2, function(x) colSums(commu[x, ]) > 0))
species <- colnames(commu)
commus_nodes <- apply(commu, 1, function(x) {
present_obs <- species[x > 0]
spps <- which(colnames(tree$node_matrix) %in% present_obs)
if (length(spps) == 1) {
nodes <- as.numeric(names(which(rowSums(as.data.frame(tree$node_matrix[,
spps])) > 0)))
}
else {
nodes <- as.numeric(names(which(rowSums(tree$node_matrix[,
spps]) > 0)))
}
lines_prs <- which(tree$edge[, 1] %in% nodes & tree$edge[,
2] %in% c(spps, nodes))
})
p_commus_nodes <- lapply(1:nrow(comb_commus), function(x) {
present_obs <- species[comb_commus[x, ] > 0]
spps <- which(colnames(tree$node_matrix) %in% present_obs)
if (length(spps) == 1) {
nodes <- as.numeric(names(which(rowSums(as.data.frame(tree$node_matrix[,
spps])) > 0)))
}
else {
nodes <- as.numeric(names(which(rowSums(tree$node_matrix[,
spps]) > 0)))
}
lines_prs <- which(tree$edge[, 1] %in% nodes & tree$edge[,
2] %in% c(spps, nodes))
})
pd_assemblages <- sapply(1:length(commus_nodes), function(x) {
return(sum(tree$edge.length[commus_nodes[[x]]]))
})
pw_pd_assemblages <- sapply(1:length(p_commus_nodes),
function(x) {
return(sum(tree$edge.length[p_commus_nodes[[x]]]))
})
if (comp == "sorensen") {
if (method == "pairwise") {
bc_sum <- apply(pw_pd_assemblages - t(utils::combn(pd_assemblages,
2)), 1, sum)
a <- pw_pd_assemblages - bc_sum
pbd <- bc_sum/((2 * a) + bc_sum)
}
if (method == "multisite") {
t_commus_nodes <- apply(t(as.matrix(colSums(commu) >
0)), 1, function(x) {
present_obs <- species[x > 0]
spps <- which(colnames(tree$node_matrix) %in%
present_obs)
nodes <- as.numeric(names(which(rowSums(tree$node_matrix[,
spps]) > 0)))
lines_prs <- which(tree$edge[, 1] %in% nodes &
tree$edge[, 2] %in% c(spps, nodes))
})
t_pd_assemblages <- sum(tree$edge.length[t_commus_nodes])
bc_sum <- sum(pw_pd_assemblages - t(utils::combn(pd_assemblages,
2)))
a <- sum(sum(pd_assemblages) - t_pd_assemblages)
pbd <- bc_sum/((2 * a) + bc_sum)
}
}
if (comp == "sorensen") {
CpB <- sapply(branch_pieces, function(x) {
pd_piece <- sapply(1:length(commus_nodes), function(y) {
return(sum(x$edge.length[commus_nodes[[y]]]))
})
pd_pw_piece <- sapply(1:length(p_commus_nodes),
function(y) {
return(sum(x$edge.length[p_commus_nodes[[y]]]))
})
if (method == "pairwise") {
r_bc_sum <- apply(pd_pw_piece - t(utils::combn(pd_piece,
2)), 1, sum)
r_pbd <- r_bc_sum/((2 * a) + bc_sum)
}
if (method == "multisite") {
r_bc_sum <- sum(pd_pw_piece - t(utils::combn(pd_piece,
2)))
r_pbd <- r_bc_sum/((2 * a) + bc_sum)
}
return(r_pbd/pbd)
})
}
if (comp == "turnover") {
if (method == "pairwise") {
min_bc <- apply(pw_pd_assemblages - t(utils::combn(pd_assemblages,
2)), 1, min)
bc_sum <- apply(pw_pd_assemblages - t(utils::combn(pd_assemblages,
2)), 1, sum)
a <- pw_pd_assemblages - bc_sum
g_turn <- mean(min_bc/(a + min_bc))
turn <- mean(min_bc)
}
if (method == "multisite") {
t_commus_nodes <- apply(t(as.matrix(colSums(commu) >
0)), 1, function(x) {
present_obs <- species[x > 0]
spps <- which(colnames(tree$node_matrix) %in%
present_obs)
nodes <- as.numeric(names(which(rowSums(tree$node_matrix[,
spps]) > 0)))
lines_prs <- which(tree$edge[, 1] %in% nodes &
tree$edge[, 2] %in% c(spps, nodes))
})
t_pd_assemblages <- sum(tree$edge.length[t_commus_nodes])
bc_sum <- sum(pw_pd_assemblages - t(utils::combn(pd_assemblages,
2)))
a <- sum(sum(pd_assemblages) - t_pd_assemblages)
turn <- sum(apply(pw_pd_assemblages - t(utils::combn(pd_assemblages,
2)), 1, min))
g_turn <- turn/(a + turn)
}
}
if (comp == "turnover") {
CpB <- sapply(branch_pieces, function(x) {
piece <- sapply(1:length(commus_nodes), function(y) {
return(sum(x$edge.length[commus_nodes[[y]]]))
})
pw_piece <- sapply(1:length(p_commus_nodes),
function(y) {
return(sum(x$edge.length[p_commus_nodes[[y]]]))
})
if (method == "pairwise") {
r_turn <- mean(apply(pw_piece - t(utils::combn(piece,
2)), 1, min))/turn
}
if (method == "multisite") {
r_turn <- sum(apply(pw_piece - t(utils::combn(piece,
2)), 1, min))/turn
}
return(r_turn)
})
}
if (comp == "nestedness") {
if (method == "pairwise") {
bc_sum <- apply(pw_pd_assemblages - t(utils::combn(pd_assemblages,
2)), 1, sum)
a <- pw_pd_assemblages - bc_sum
min_bc <- apply(pw_pd_assemblages - t(utils::combn(pd_assemblages,
2)), 1, min)
pbd <- bc_sum/((2 * a) + bc_sum)
turn <- min_bc/(a + min_bc)
nest <- mean(pbd - turn)
}
if (method == "multisite") {
t_commus_nodes <- apply(t(as.matrix(colSums(commu) >
0)), 1, function(x) {
present_obs <- species[x > 0]
spps <- which(colnames(tree$node_matrix) %in%
present_obs)
nodes <- as.numeric(names(which(rowSums(tree$node_matrix[,
spps]) > 0)))
lines_prs <- which(tree$edge[, 1] %in% nodes &
tree$edge[, 2] %in% c(spps, nodes))
})
t_pd_assemblages <- sum(tree$edge.length[t_commus_nodes])
bc_sum <- sum(pw_pd_assemblages - t(utils::combn(pd_assemblages,
2)))
a <- sum(sum(pd_assemblages) - t_pd_assemblages)
min_bc <- sum(apply(pw_pd_assemblages - t(utils::combn(pd_assemblages,
2)), 1, min))
pbd <- bc_sum/((2 * a) + bc_sum)
turn <- min_bc/(a + min_bc)
nest <- pbd - turn
}
}
if (comp == "nestedness") {
CpB <- sapply(branch_pieces, function(x) {
pd_piece <- sapply(1:length(commus_nodes), function(y) {
return(sum(x$edge.length[commus_nodes[[y]]]))
})
pd_pw_piece <- sapply(1:length(p_commus_nodes),
function(y) {
return(sum(x$edge.length[p_commus_nodes[[y]]]))
})
if (method == "pairwise") {
r_bc_sum <- apply(pd_pw_piece - t(utils::combn(pd_piece,
2)), 1, sum)
r_min_bc <- apply(pd_pw_piece - t(utils::combn(pd_piece,
2)), 1, min)
r_pbd <- r_bc_sum/((2 * a) + bc_sum)
r_turn <- r_min_bc/(a + min_bc)
r_nest <- mean(r_pbd - r_turn)
}
if (method == "multisite") {
r_bc_sum <- sum(pd_pw_piece - t(utils::combn(pd_piece,
2)))
r_min_bc <- sum(apply(pd_pw_piece - t(utils::combn(pd_piece,
2)), 1, min))
r_pbd <- r_bc_sum/((2 * a) + bc_sum)
r_turn <- r_min_bc/(a + min_bc)
r_nest <- r_pbd - r_turn
}
return(r_nest/nest)
})
}
if (is.na(CpB[1]) == FALSE) {
nonlinear_cum <- stats::nls(cumsum(CpB) ~ exp(-r *
age), start = list(r = 0.2), control = stats::nls.control(maxiter = 1000))
if (comp == "sorensen") {
return(c(stats::coef(nonlinear_cum), pbd, ((-1) *
(log(pBO/100)/stats::coef(nonlinear_cum)))))
}
if (comp == "turnover") {
return(c(stats::coef(nonlinear_cum), g_turn,
((-1) * (log(pBO/100)/stats::coef(nonlinear_cum)))))
}
if (comp == "nestedness") {
return(c(stats::coef(nonlinear_cum), nest, ((-1) *
(log(pBO/100)/stats::coef(nonlinear_cum)))))
}
}
else {
return(c(NA, NA, NA))
}
}
else {
return(c(NA, NA, NA))
}
}`: task 7 failed - "Missing value or an infinity produced when evaluating the model"
Backtrace:
▆
1. ├─base::suppressWarnings(...) at test-CpB.R:31:3
2. │ └─base::withCallingHandlers(...)
3. └─treesliceR::CpB(...) at test-CpB.R:34:5
4. └─foreach::foreach(commu = asb, .combine = rbind) %do% ...
5. └─e$fun(obj, substitute(ex), parent.frame(), e$data)
[ FAIL 1 | WARN 0 | SKIP 0 | PASS 1744 ]
Error: Test failures
Execution halted
Flavor: r-patched-linux-x86_64