Last updated on 2024-05-13 03:49:52 CEST.
Flavor | Version | Tinstall | Tcheck | Ttotal | Status | Flags |
---|---|---|---|---|---|---|
r-devel-linux-x86_64-debian-clang | 2.2.3 | 13.28 | 190.73 | 204.01 | OK | |
r-devel-linux-x86_64-debian-gcc | 2.2.3 | 10.09 | 137.95 | 148.04 | OK | |
r-devel-linux-x86_64-fedora-clang | 2.2.3 | 225.54 | NOTE | |||
r-devel-linux-x86_64-fedora-gcc | 2.2.3 | 237.08 | OK | |||
r-devel-windows-x86_64 | 2.2.3 | 11.00 | 154.00 | 165.00 | OK | |
r-patched-linux-x86_64 | 2.2.3 | 16.55 | 180.04 | 196.59 | OK | |
r-release-linux-x86_64 | 2.2.3 | 12.19 | 177.80 | 189.99 | OK | |
r-release-macos-arm64 | 2.2.3 | 58.00 | OK | |||
r-release-macos-x86_64 | 2.2.3 | 146.00 | OK | |||
r-release-windows-x86_64 | 2.2.3 | 12.00 | 157.00 | 169.00 | OK | |
r-oldrel-macos-arm64 | 2.2.3 | 61.00 | OK | |||
r-oldrel-macos-x86_64 | 2.2.3 | 115.00 | OK | |||
r-oldrel-windows-x86_64 | 2.2.3 | 15.00 | 170.00 | 185.00 | OK |
Version: 2.2.3
Check: Rd cross-references
Result: NOTE
Undeclared package ‘devtools’ in Rd xrefs
Flavor: r-devel-linux-x86_64-fedora-clang