Last updated on 2024-05-09 15:49:39 CEST.
Flavor | Version | Tinstall | Tcheck | Ttotal | Status | Flags |
---|---|---|---|---|---|---|
r-devel-linux-x86_64-debian-clang | 1.2-2 | 3.81 | 31.03 | 34.84 | NOTE | |
r-devel-linux-x86_64-debian-gcc | 1.2-2 | 2.68 | 23.15 | 25.83 | NOTE | |
r-devel-linux-x86_64-fedora-clang | 1.2-2 | 42.10 | NOTE | |||
r-devel-linux-x86_64-fedora-gcc | 1.2-2 | 42.92 | NOTE | |||
r-devel-windows-x86_64 | 1.2-2 | 3.00 | 42.00 | 45.00 | NOTE | |
r-patched-linux-x86_64 | 1.2-2 | 3.18 | 29.33 | 32.51 | NOTE | |
r-release-linux-x86_64 | 1.2-2 | 2.76 | 29.67 | 32.43 | NOTE | |
r-release-macos-arm64 | 1.2-2 | 15.00 | NOTE | |||
r-release-windows-x86_64 | 1.2-2 | 3.00 | 42.00 | 45.00 | NOTE | |
r-oldrel-macos-arm64 | 1.2-2 | 17.00 | NOTE | |||
r-oldrel-macos-x86_64 | 1.2-2 | 23.00 | NOTE | |||
r-oldrel-windows-x86_64 | 1.2-2 | 6.00 | 44.00 | 50.00 | NOTE |
Version: 1.2-2
Check: Rd files
Result: NOTE
checkRd: (-1) compute.means.Rd:23: Escaped LaTeX specials: \&
checkRd: (-1) norm.wattfabricius.Rd:5: Escaped LaTeX specials: \&
Flavors: r-devel-linux-x86_64-debian-clang, r-devel-linux-x86_64-debian-gcc, r-devel-linux-x86_64-fedora-clang, r-devel-linux-x86_64-fedora-gcc, r-devel-windows-x86_64, r-patched-linux-x86_64, r-release-linux-x86_64, r-release-macos-arm64, r-release-windows-x86_64, r-oldrel-macos-arm64, r-oldrel-macos-x86_64, r-oldrel-windows-x86_64