Last updated on 2024-05-09 15:49:39 CEST.
Flavor | Version | Tinstall | Tcheck | Ttotal | Status | Flags |
---|---|---|---|---|---|---|
r-devel-linux-x86_64-debian-clang | 0.1-16 | 3.53 | 48.51 | 52.04 | OK | |
r-devel-linux-x86_64-debian-gcc | 0.1-16 | 3.33 | 36.42 | 39.75 | OK | |
r-devel-linux-x86_64-fedora-clang | 0.1-16 | 67.69 | OK | |||
r-devel-linux-x86_64-fedora-gcc | 0.1-16 | 130.54 | OK | |||
r-devel-windows-x86_64 | 0.1-16 | 5.00 | 67.00 | 72.00 | NOTE | |
r-patched-linux-x86_64 | 0.1-16 | 4.82 | 45.56 | 50.38 | OK | |
r-release-linux-x86_64 | 0.1-16 | 3.77 | 45.38 | 49.15 | OK | |
r-release-macos-arm64 | 0.1-16 | 30.00 | NOTE | |||
r-release-windows-x86_64 | 0.1-16 | 4.00 | 65.00 | 69.00 | NOTE | |
r-oldrel-macos-arm64 | 0.1-16 | 32.00 | NOTE | |||
r-oldrel-macos-x86_64 | 0.1-16 | 47.00 | NOTE | |||
r-oldrel-windows-x86_64 | 0.1-16 | 4.00 | 67.00 | 71.00 | NOTE |
Version: 0.1-16
Check: whether the namespace can be loaded with stated dependencies
Result: NOTE
Warning in initDict() :
cannot find WordNet 'dict' directory: please set the environment variable WNHOME to its parent
A namespace must be able to be loaded with just the base namespace
loaded: otherwise if the namespace gets loaded by a saved object, the
session will be unable to start.
Probably some imports need to be declared in the NAMESPACE file.
Flavors: r-devel-windows-x86_64, r-release-macos-arm64, r-release-windows-x86_64, r-oldrel-macos-arm64, r-oldrel-macos-x86_64, r-oldrel-windows-x86_64