Last updated on 2024-05-11 03:52:15 CEST.
Flavor | Version | Tinstall | Tcheck | Ttotal | Status | Flags |
---|---|---|---|---|---|---|
r-devel-linux-x86_64-debian-clang | 1.0.2 | 4.52 | 41.63 | 46.15 | NOTE | |
r-devel-linux-x86_64-debian-gcc | 1.0.2 | 4.20 | 31.19 | 35.39 | NOTE | |
r-devel-linux-x86_64-fedora-clang | 1.0.2 | 61.35 | NOTE | |||
r-devel-linux-x86_64-fedora-gcc | 1.0.2 | 70.73 | NOTE | |||
r-devel-windows-x86_64 | 1.0.2 | 6.00 | 52.00 | 58.00 | NOTE | |
r-patched-linux-x86_64 | 1.0.2 | 9.17 | 40.91 | 50.08 | NOTE | |
r-release-linux-x86_64 | 1.0.2 | 3.90 | 40.65 | 44.55 | NOTE | |
r-release-macos-arm64 | 1.0.2 | 26.00 | NOTE | |||
r-release-macos-x86_64 | 1.0.2 | 41.00 | NOTE | |||
r-release-windows-x86_64 | 1.0.2 | 6.00 | 52.00 | 58.00 | NOTE | |
r-oldrel-macos-arm64 | 1.0.2 | 29.00 | NOTE | |||
r-oldrel-macos-x86_64 | 1.0.2 | 33.00 | NOTE | |||
r-oldrel-windows-x86_64 | 1.0.2 | 6.00 | 53.00 | 59.00 | NOTE |
Version: 1.0.2
Check: LazyData
Result: NOTE
'LazyData' is specified without a 'data' directory
Flavors: r-devel-linux-x86_64-debian-clang, r-devel-linux-x86_64-debian-gcc, r-devel-linux-x86_64-fedora-clang, r-devel-linux-x86_64-fedora-gcc, r-devel-windows-x86_64, r-patched-linux-x86_64, r-release-linux-x86_64, r-release-macos-arm64, r-release-macos-x86_64, r-release-windows-x86_64, r-oldrel-macos-arm64, r-oldrel-macos-x86_64, r-oldrel-windows-x86_64
Version: 1.0.2
Check: package dependencies
Result: NOTE
Package suggested but not available for checking: ‘preprocessCore’
Flavor: r-oldrel-macos-x86_64