Last updated on 2024-05-11 03:52:15 CEST.
Flavor | Version | Tinstall | Tcheck | Ttotal | Status | Flags |
---|---|---|---|---|---|---|
r-devel-linux-x86_64-debian-clang | 3.0.2 | 67.76 | 86.53 | 154.29 | OK | |
r-devel-linux-x86_64-debian-gcc | 3.0.2 | 53.52 | 64.07 | 117.59 | OK | |
r-devel-linux-x86_64-fedora-clang | 3.0.2 | 208.36 | NOTE | |||
r-devel-linux-x86_64-fedora-gcc | 3.0.2 | 252.10 | NOTE | |||
r-devel-windows-x86_64 | 3.0.2 | 61.00 | 106.00 | 167.00 | NOTE | |
r-patched-linux-x86_64 | 3.0.2 | 45.58 | 81.81 | 127.39 | OK | |
r-release-linux-x86_64 | 3.0.2 | 50.96 | 82.43 | 133.39 | OK | |
r-release-macos-arm64 | 3.0.2 | 61.00 | NOTE | |||
r-release-macos-x86_64 | 3.0.2 | 120.00 | NOTE | |||
r-release-windows-x86_64 | 3.0.2 | 57.00 | 103.00 | 160.00 | NOTE | |
r-oldrel-macos-arm64 | 3.0.2 | 73.00 | NOTE | |||
r-oldrel-macos-x86_64 | 3.0.2 | 128.00 | NOTE | |||
r-oldrel-windows-x86_64 | 3.0.2 | 73.00 | 119.00 | 192.00 | NOTE |
Version: 3.0.2
Check: installed package size
Result: NOTE
installed size is 5.7Mb
sub-directories of 1Mb or more:
data 3.5Mb
help 1.9Mb
Flavors: r-devel-linux-x86_64-fedora-clang, r-devel-windows-x86_64, r-release-macos-arm64, r-release-macos-x86_64, r-release-windows-x86_64, r-oldrel-macos-arm64, r-oldrel-macos-x86_64, r-oldrel-windows-x86_64
Version: 3.0.2
Check: dependencies in R code
Result: NOTE
Namespaces in Imports field not imported from:
‘future’ ‘tidyr’
All declared Imports should be used.
Flavors: r-devel-linux-x86_64-fedora-clang, r-devel-linux-x86_64-fedora-gcc