Last updated on 2024-05-09 15:49:39 CEST.
Flavor | Version | Tinstall | Tcheck | Ttotal | Status | Flags |
---|---|---|---|---|---|---|
r-devel-linux-x86_64-debian-clang | 1.1.7 | 7.10 | 52.38 | 59.48 | NOTE | |
r-devel-linux-x86_64-debian-gcc | 1.1.7 | 5.58 | 39.38 | 44.96 | NOTE | |
r-devel-linux-x86_64-fedora-clang | 1.1.7 | 73.24 | NOTE | |||
r-devel-linux-x86_64-fedora-gcc | 1.1.7 | 99.15 | NOTE | |||
r-devel-windows-x86_64 | 1.1.7 | 10.00 | 59.00 | 69.00 | NOTE | |
r-patched-linux-x86_64 | 1.1.7 | 12.86 | 50.06 | 62.92 | NOTE | |
r-release-linux-x86_64 | 1.1.7 | 5.57 | 48.54 | 54.11 | NOTE | |
r-release-macos-arm64 | 1.1.7 | 26.00 | NOTE | |||
r-release-windows-x86_64 | 1.1.7 | 10.00 | 59.00 | 69.00 | NOTE | |
r-oldrel-macos-arm64 | 1.1.7 | 25.00 | OK | |||
r-oldrel-macos-x86_64 | 1.1.7 | 35.00 | OK | |||
r-oldrel-windows-x86_64 | 1.1.7 | 11.00 | 64.00 | 75.00 | OK |
Version: 1.1.7
Check: Rd files
Result: NOTE
checkRd: (-1) xshow.Rd:19: Lost braces in \enumerate; meant \describe ?
checkRd: (-1) xshow.Rd:20: Lost braces in \enumerate; meant \describe ?
Flavors: r-devel-linux-x86_64-debian-clang, r-devel-linux-x86_64-debian-gcc, r-devel-linux-x86_64-fedora-clang, r-devel-linux-x86_64-fedora-gcc, r-devel-windows-x86_64, r-patched-linux-x86_64, r-release-linux-x86_64, r-release-macos-arm64, r-release-windows-x86_64