Last updated on 2024-05-11 15:49:24 CEST.
Flavor | Version | Tinstall | Tcheck | Ttotal | Status | Flags |
---|---|---|---|---|---|---|
r-devel-linux-x86_64-debian-clang | 2.3 | 16.96 | 134.79 | 151.75 | OK | |
r-devel-linux-x86_64-debian-gcc | 2.3 | 13.76 | 95.86 | 109.62 | OK | |
r-devel-linux-x86_64-fedora-clang | 2.3 | 198.29 | OK | |||
r-devel-linux-x86_64-fedora-gcc | 2.3 | 231.23 | OK | |||
r-devel-windows-x86_64 | 2.3 | 15.00 | 5.00 | 20.00 | ERROR | |
r-patched-linux-x86_64 | 2.3 | 10.54 | 124.90 | 135.44 | OK | |
r-release-linux-x86_64 | 2.3 | 10.48 | 126.94 | 137.42 | OK | |
r-release-macos-arm64 | 2.3 | 48.00 | OK | |||
r-release-macos-x86_64 | 2.3 | 108.00 | OK | |||
r-release-windows-x86_64 | 2.3 | 14.00 | 105.00 | 119.00 | OK | |
r-oldrel-macos-arm64 | 2.3 | 56.00 | OK | |||
r-oldrel-macos-x86_64 | 2.3 | 126.00 | OK | |||
r-oldrel-windows-x86_64 | 2.3 | 20.00 | 129.00 | 149.00 | OK |
Version: 2.3
Check: whether package can be installed
Result: ERROR
Installation failed.
Flavor: r-devel-windows-x86_64