Last updated on 2024-05-13 03:49:53 CEST.
Flavor | Version | Tinstall | Tcheck | Ttotal | Status | Flags |
---|---|---|---|---|---|---|
r-devel-linux-x86_64-debian-clang | 1.1.1 | 6.52 | 52.17 | 58.69 | NOTE | |
r-devel-linux-x86_64-debian-gcc | 1.1.1 | 4.66 | 39.39 | 44.05 | NOTE | |
r-devel-linux-x86_64-fedora-clang | 1.1.1 | 73.03 | NOTE | |||
r-devel-linux-x86_64-fedora-gcc | 1.1.1 | 116.96 | NOTE | |||
r-devel-windows-x86_64 | 1.1.1 | 7.00 | 57.00 | 64.00 | NOTE | |
r-patched-linux-x86_64 | 1.1.1 | 3.79 | 50.05 | 53.84 | NOTE | |
r-release-linux-x86_64 | 1.1.1 | 4.16 | 49.64 | 53.80 | NOTE | |
r-release-macos-arm64 | 1.1.1 | 30.00 | NOTE | |||
r-release-windows-x86_64 | 1.1.1 | 9.00 | 59.00 | 68.00 | NOTE | |
r-oldrel-macos-arm64 | 1.1.1 | 29.00 | NOTE | |||
r-oldrel-macos-x86_64 | 1.1.1 | 48.00 | NOTE | |||
r-oldrel-windows-x86_64 | 1.1.1 | 9.00 | 59.00 | 68.00 | NOTE |
Version: 1.1.1
Check: LazyData
Result: NOTE
'LazyData' is specified without a 'data' directory
Flavors: r-devel-linux-x86_64-debian-clang, r-devel-linux-x86_64-debian-gcc, r-devel-linux-x86_64-fedora-clang, r-devel-linux-x86_64-fedora-gcc, r-devel-windows-x86_64, r-patched-linux-x86_64, r-release-linux-x86_64, r-release-macos-arm64, r-release-windows-x86_64, r-oldrel-macos-arm64, r-oldrel-macos-x86_64, r-oldrel-windows-x86_64
Version: 1.1.1
Check: dependencies in R code
Result: NOTE
Namespaces in Imports field not imported from:
‘qpdf’ ‘rlang’ ‘tibble’
All declared Imports should be used.
Flavors: r-devel-linux-x86_64-fedora-clang, r-devel-linux-x86_64-fedora-gcc