Last updated on 2024-05-09 15:49:40 CEST.
Flavor | Version | Tinstall | Tcheck | Ttotal | Status | Flags |
---|---|---|---|---|---|---|
r-devel-linux-x86_64-debian-clang | 0.2-3 | 8.69 | 71.57 | 80.26 | NOTE | |
r-devel-linux-x86_64-debian-gcc | 0.2-3 | 4.97 | 53.21 | 58.18 | NOTE | |
r-devel-linux-x86_64-fedora-clang | 0.2-3 | 95.00 | NOTE | |||
r-devel-linux-x86_64-fedora-gcc | 0.2-3 | 139.32 | NOTE | |||
r-devel-windows-x86_64 | 0.2-3 | 7.00 | 69.00 | 76.00 | NOTE | |
r-patched-linux-x86_64 | 0.2-3 | 7.78 | 67.08 | 74.86 | NOTE | |
r-release-linux-x86_64 | 0.2-3 | 7.32 | 66.44 | 73.76 | NOTE | |
r-release-macos-arm64 | 0.2-3 | 32.00 | NOTE | |||
r-release-windows-x86_64 | 0.2-3 | 7.00 | 67.00 | 74.00 | NOTE | |
r-oldrel-macos-arm64 | 0.2-3 | 33.00 | OK | |||
r-oldrel-macos-x86_64 | 0.2-3 | 52.00 | OK | |||
r-oldrel-windows-x86_64 | 0.2-3 | 9.00 | 79.00 | 88.00 | OK |
Version: 0.2-3
Check: Rd files
Result: NOTE
checkRd: (-1) xwfGridsearch.Rd:27: Lost braces; missing escapes or markup?
27 | \item{iter}{Number of levels in the adaptive grid search. The resolution in b obtained is 2^{-1-iter}.}
| ^
Flavors: r-devel-linux-x86_64-debian-clang, r-devel-linux-x86_64-debian-gcc, r-devel-linux-x86_64-fedora-clang, r-devel-linux-x86_64-fedora-gcc, r-devel-windows-x86_64, r-patched-linux-x86_64, r-release-linux-x86_64, r-release-macos-arm64, r-release-windows-x86_64